{"version":"1.0","provider_name":"PPmedia","provider_url":"https:\/\/ppmedia.rs\/v2","author_name":"adminpp033","author_url":"https:\/\/ppmedia.rs\/v2\/author\/adminpp033\/","title":"Crnogorska zabrana ko\u010di rad prijepoljskih pilana - PPmedia","type":"rich","width":600,"height":338,"html":"<blockquote class=\"wp-embedded-content\" data-secret=\"vA0eJltkDG\"><a href=\"https:\/\/ppmedia.rs\/v2\/crnogorska-zabrana-koci-rad-prijepoljskih-pilana\/\">Crnogorska zabrana ko\u010di rad prijepoljskih pilana<\/a><\/blockquote><iframe sandbox=\"allow-scripts\" security=\"restricted\" src=\"https:\/\/ppmedia.rs\/v2\/crnogorska-zabrana-koci-rad-prijepoljskih-pilana\/embed\/#?secret=vA0eJltkDG\" width=\"600\" height=\"338\" title=\"&#132;Crnogorska zabrana ko\u010di rad prijepoljskih pilana&#147; &#8212; PPmedia\" data-secret=\"vA0eJltkDG\" frameborder=\"0\" marginwidth=\"0\" marginheight=\"0\" scrolling=\"no\" class=\"wp-embedded-content\"><\/iframe><script type=\"text\/javascript\">\n\/* <![CDATA[ *\/\n\/*! This file is auto-generated *\/\n!function(d,l){\"use strict\";l.querySelector&&d.addEventListener&&\"undefined\"!=typeof URL&&(d.wp=d.wp||{},d.wp.receiveEmbedMessage||(d.wp.receiveEmbedMessage=function(e){var t=e.data;if((t||t.secret||t.message||t.value)&&!\/[^a-zA-Z0-9]\/.test(t.secret)){for(var s,r,n,a=l.querySelectorAll('iframe[data-secret=\"'+t.secret+'\"]'),o=l.querySelectorAll('blockquote[data-secret=\"'+t.secret+'\"]'),c=new RegExp(\"^https?:$\",\"i\"),i=0;i<o.length;i++)o[i].style.display=\"none\";for(i=0;i<a.length;i++)s=a[i],e.source===s.contentWindow&&(s.removeAttribute(\"style\"),\"height\"===t.message?(1e3<(r=parseInt(t.value,10))?r=1e3:~~r<200&&(r=200),s.height=r):\"link\"===t.message&&(r=new URL(s.getAttribute(\"src\")),n=new URL(t.value),c.test(n.protocol))&&n.host===r.host&&l.activeElement===s&&(d.top.location.href=t.value))}},d.addEventListener(\"message\",d.wp.receiveEmbedMessage,!1),l.addEventListener(\"DOMContentLoaded\",function(){for(var e,t,s=l.querySelectorAll(\"iframe.wp-embedded-content\"),r=0;r<s.length;r++)(t=(e=s[r]).getAttribute(\"data-secret\"))||(t=Math.random().toString(36).substring(2,12),e.src+=\"#?secret=\"+t,e.setAttribute(\"data-secret\",t)),e.contentWindow.postMessage({message:\"ready\",secret:t},\"*\")},!1)))}(window,document);\n\/\/# sourceURL=https:\/\/ppmedia.rs\/v2\/wp-includes\/js\/wp-embed.min.js\n\/* ]]> *\/\n<\/script>\n","thumbnail_url":"https:\/\/ppmedia.rs\/wp-content\/uploads\/2018\/10\/peletara.jpg","thumbnail_width":620,"thumbnail_height":405,"description":"Proizvo\u0111a\u010di peleta u Prijepolju ve\u0107 drugu godinu imaju problema da odr\u017ee proizvodnju zbog toga \u0161to im Crna Gora ote\u017eava uvoz sirovine. U maju su se suo\u010dili i sa potpunom zabranom kojom je prekr\u0161en i CEFTA sporazum o slobodnoj trgovini u regionu. Dok dr\u017eava najavljuje da \u0107e reagovati, proizvo\u0111a\u010di gase drugu..."}

Crnogorska zabrana koči rad prijepoljskih pilana - PPmedia

<blockquote class="wp-embedded-content" data-secret="vA0eJltkDG"><a href="https://ppmedia.rs/v2/crnogorska-zabrana-koci-rad-prijepoljskih-pilana/">Crnogorska zabrana koči rad prijepoljskih pilana</a></blockquote><iframe sandbox="allow-scripts" security="restricted" src="https://ppmedia.rs/v2/crnogorska-zabrana-koci-rad-prijepoljskih-pilana/embed/#?secret=vA0eJltkDG" width="600" height="338" title="&#132;Crnogorska zabrana koči rad prijepoljskih pilana&#147; &#8212; PPmedia" data-secret="vA0eJltkDG" frameborder="0" marginwidth="0" marginheight="0" scrolling="no" class="wp-embedded-content"></iframe><script type="text/javascript">
/* <![CDATA[ */
/*! This file is auto-generated */
!function(d,l){"use strict";l.querySelector&&d.addEventListener&&"undefined"!=typeof URL&&(d.wp=d.wp||{},d.wp.receiveEmbedMessage||(d.wp.receiveEmbedMessage=function(e){var t=e.data;if((t||t.secret||t.message||t.value)&&!/[^a-zA-Z0-9]/.test(t.secret)){for(var s,r,n,a=l.querySelectorAll('iframe[data-secret="'+t.secret+'"]'),o=l.querySelectorAll('blockquote[data-secret="'+t.secret+'"]'),c=new RegExp("^https?:$","i"),i=0;i<o.length;i++)o[i].style.display="none";for(i=0;i<a.length;i++)s=a[i],e.source===s.contentWindow&&(s.removeAttribute("style"),"height"===t.message?(1e3<(r=parseInt(t.value,10))?r=1e3:~~r<200&&(r=200),s.height=r):"link"===t.message&&(r=new URL(s.getAttribute("src")),n=new URL(t.value),c.test(n.protocol))&&n.host===r.host&&l.activeElement===s&&(d.top.location.href=t.value))}},d.addEventListener("message",d.wp.receiveEmbedMessage,!1),l.addEventListener("DOMContentLoaded",function(){for(var e,t,s=l.querySelectorAll("iframe.wp-embedded-content"),r=0;r<s.length;r++)(t=(e=s[r]).getAttribute("data-secret"))||(t=Math.random().toString(36).substring(2,12),e.src+="#?secret="+t,e.setAttribute("data-secret",t)),e.contentWindow.postMessage({message:"ready",secret:t},"*")},!1)))}(window,document);
//# sourceURL=https://ppmedia.rs/v2/wp-includes/js/wp-embed.min.js
/* ]]> */
</script>

Proizvođači peleta u Prijepolju već drugu godinu imaju problema da održe proizvodnju zbog toga što im Crna Gora otežava uvoz sirovine. U maju su se suočili i sa potpunom zabranom kojom je prekršen i CEFTA sporazum o slobodnoj trgovini u regionu. Dok država najavljuje da će reagovati, proizvođači gase drugu...
