{"version":"1.0","provider_name":"PPmedia","provider_url":"https:\/\/ppmedia.rs\/v2","author_name":"adminpp033","author_url":"https:\/\/ppmedia.rs\/v2\/author\/adminpp033\/","title":"De\u010diji vrti\u0107 dobio novog direktora - PPmedia","type":"rich","width":600,"height":338,"html":"<blockquote class=\"wp-embedded-content\" data-secret=\"5fRrccakpM\"><a href=\"https:\/\/ppmedia.rs\/v2\/deciji-vrtic-dobio-novog-direktora\/\">De\u010diji vrti\u0107 dobio novog direktora<\/a><\/blockquote><iframe sandbox=\"allow-scripts\" security=\"restricted\" src=\"https:\/\/ppmedia.rs\/v2\/deciji-vrtic-dobio-novog-direktora\/embed\/#?secret=5fRrccakpM\" width=\"600\" height=\"338\" title=\"&#132;De\u010diji vrti\u0107 dobio novog direktora&#147; &#8212; PPmedia\" data-secret=\"5fRrccakpM\" frameborder=\"0\" marginwidth=\"0\" marginheight=\"0\" scrolling=\"no\" class=\"wp-embedded-content\"><\/iframe><script type=\"text\/javascript\">\n\/* <![CDATA[ *\/\n\/*! This file is auto-generated *\/\n!function(d,l){\"use strict\";l.querySelector&&d.addEventListener&&\"undefined\"!=typeof URL&&(d.wp=d.wp||{},d.wp.receiveEmbedMessage||(d.wp.receiveEmbedMessage=function(e){var t=e.data;if((t||t.secret||t.message||t.value)&&!\/[^a-zA-Z0-9]\/.test(t.secret)){for(var s,r,n,a=l.querySelectorAll('iframe[data-secret=\"'+t.secret+'\"]'),o=l.querySelectorAll('blockquote[data-secret=\"'+t.secret+'\"]'),c=new RegExp(\"^https?:$\",\"i\"),i=0;i<o.length;i++)o[i].style.display=\"none\";for(i=0;i<a.length;i++)s=a[i],e.source===s.contentWindow&&(s.removeAttribute(\"style\"),\"height\"===t.message?(1e3<(r=parseInt(t.value,10))?r=1e3:~~r<200&&(r=200),s.height=r):\"link\"===t.message&&(r=new URL(s.getAttribute(\"src\")),n=new URL(t.value),c.test(n.protocol))&&n.host===r.host&&l.activeElement===s&&(d.top.location.href=t.value))}},d.addEventListener(\"message\",d.wp.receiveEmbedMessage,!1),l.addEventListener(\"DOMContentLoaded\",function(){for(var e,t,s=l.querySelectorAll(\"iframe.wp-embedded-content\"),r=0;r<s.length;r++)(t=(e=s[r]).getAttribute(\"data-secret\"))||(t=Math.random().toString(36).substring(2,12),e.src+=\"#?secret=\"+t,e.setAttribute(\"data-secret\",t)),e.contentWindow.postMessage({message:\"ready\",secret:t},\"*\")},!1)))}(window,document);\n\/\/# sourceURL=https:\/\/ppmedia.rs\/v2\/wp-includes\/js\/wp-embed.min.js\n\/* ]]> *\/\n<\/script>\n","thumbnail_url":"https:\/\/ppmedia.rs\/wp-content\/uploads\/2017\/07\/vrtic.jpg","thumbnail_width":650,"thumbnail_height":399,"description":"Upravni odbor PU \u201cMi\u0161a Cvijovi\u0107\u201d izabrao je danas Ivanu Krpovi\u0107 za direktorku ove vaspitno obrazovne ustanove. Dosada\u0161nji vr\u0161ilac duznosti direktora Tanja Svi\u010devi\u0107 nije konkurisala za ovo mesto uprkos zavidnim rezultatima koje je ova ustanova ostvarila pod njenim vodstvom. Na konkurs za direktora PU \u201cMi\u0161a Cvijovi\u0107\u201d stigle su dve prijave, od..."}

Dečiji vrtić dobio novog direktora - PPmedia

<blockquote class="wp-embedded-content" data-secret="5fRrccakpM"><a href="https://ppmedia.rs/v2/deciji-vrtic-dobio-novog-direktora/">Dečiji vrtić dobio novog direktora</a></blockquote><iframe sandbox="allow-scripts" security="restricted" src="https://ppmedia.rs/v2/deciji-vrtic-dobio-novog-direktora/embed/#?secret=5fRrccakpM" width="600" height="338" title="&#132;Dečiji vrtić dobio novog direktora&#147; &#8212; PPmedia" data-secret="5fRrccakpM" frameborder="0" marginwidth="0" marginheight="0" scrolling="no" class="wp-embedded-content"></iframe><script type="text/javascript">
/* <![CDATA[ */
/*! This file is auto-generated */
!function(d,l){"use strict";l.querySelector&&d.addEventListener&&"undefined"!=typeof URL&&(d.wp=d.wp||{},d.wp.receiveEmbedMessage||(d.wp.receiveEmbedMessage=function(e){var t=e.data;if((t||t.secret||t.message||t.value)&&!/[^a-zA-Z0-9]/.test(t.secret)){for(var s,r,n,a=l.querySelectorAll('iframe[data-secret="'+t.secret+'"]'),o=l.querySelectorAll('blockquote[data-secret="'+t.secret+'"]'),c=new RegExp("^https?:$","i"),i=0;i<o.length;i++)o[i].style.display="none";for(i=0;i<a.length;i++)s=a[i],e.source===s.contentWindow&&(s.removeAttribute("style"),"height"===t.message?(1e3<(r=parseInt(t.value,10))?r=1e3:~~r<200&&(r=200),s.height=r):"link"===t.message&&(r=new URL(s.getAttribute("src")),n=new URL(t.value),c.test(n.protocol))&&n.host===r.host&&l.activeElement===s&&(d.top.location.href=t.value))}},d.addEventListener("message",d.wp.receiveEmbedMessage,!1),l.addEventListener("DOMContentLoaded",function(){for(var e,t,s=l.querySelectorAll("iframe.wp-embedded-content"),r=0;r<s.length;r++)(t=(e=s[r]).getAttribute("data-secret"))||(t=Math.random().toString(36).substring(2,12),e.src+="#?secret="+t,e.setAttribute("data-secret",t)),e.contentWindow.postMessage({message:"ready",secret:t},"*")},!1)))}(window,document);
//# sourceURL=https://ppmedia.rs/v2/wp-includes/js/wp-embed.min.js
/* ]]> */
</script>

Upravni odbor PU “Miša Cvijović” izabrao je danas Ivanu Krpović za direktorku ove vaspitno obrazovne ustanove. Dosadašnji vršilac duznosti direktora Tanja Svičević nije konkurisala za ovo mesto uprkos zavidnim rezultatima koje je ova ustanova ostvarila pod njenim vodstvom. Na konkurs za direktora PU “Miša Cvijović” stigle su dve prijave, od...
