{"version":"1.0","provider_name":"PPmedia","provider_url":"https:\/\/ppmedia.rs\/v2","author_name":"adminpp033","author_url":"https:\/\/ppmedia.rs\/v2\/author\/adminpp033\/","title":"Forma ideale uskoro otvara prodajni salon u Prijepolju - PPmedia","type":"rich","width":600,"height":338,"html":"<blockquote class=\"wp-embedded-content\" data-secret=\"0unUagQIYw\"><a href=\"https:\/\/ppmedia.rs\/v2\/forma-ideale-uskoro-otvara-prodajni-salon-u-prijepolju\/\">Forma ideale uskoro otvara prodajni salon u Prijepolju<\/a><\/blockquote><iframe sandbox=\"allow-scripts\" security=\"restricted\" src=\"https:\/\/ppmedia.rs\/v2\/forma-ideale-uskoro-otvara-prodajni-salon-u-prijepolju\/embed\/#?secret=0unUagQIYw\" width=\"600\" height=\"338\" title=\"&#132;Forma ideale uskoro otvara prodajni salon u Prijepolju&#147; &#8212; PPmedia\" data-secret=\"0unUagQIYw\" frameborder=\"0\" marginwidth=\"0\" marginheight=\"0\" scrolling=\"no\" class=\"wp-embedded-content\"><\/iframe><script type=\"text\/javascript\">\n\/* <![CDATA[ *\/\n\/*! This file is auto-generated *\/\n!function(d,l){\"use strict\";l.querySelector&&d.addEventListener&&\"undefined\"!=typeof URL&&(d.wp=d.wp||{},d.wp.receiveEmbedMessage||(d.wp.receiveEmbedMessage=function(e){var t=e.data;if((t||t.secret||t.message||t.value)&&!\/[^a-zA-Z0-9]\/.test(t.secret)){for(var s,r,n,a=l.querySelectorAll('iframe[data-secret=\"'+t.secret+'\"]'),o=l.querySelectorAll('blockquote[data-secret=\"'+t.secret+'\"]'),c=new RegExp(\"^https?:$\",\"i\"),i=0;i<o.length;i++)o[i].style.display=\"none\";for(i=0;i<a.length;i++)s=a[i],e.source===s.contentWindow&&(s.removeAttribute(\"style\"),\"height\"===t.message?(1e3<(r=parseInt(t.value,10))?r=1e3:~~r<200&&(r=200),s.height=r):\"link\"===t.message&&(r=new URL(s.getAttribute(\"src\")),n=new URL(t.value),c.test(n.protocol))&&n.host===r.host&&l.activeElement===s&&(d.top.location.href=t.value))}},d.addEventListener(\"message\",d.wp.receiveEmbedMessage,!1),l.addEventListener(\"DOMContentLoaded\",function(){for(var e,t,s=l.querySelectorAll(\"iframe.wp-embedded-content\"),r=0;r<s.length;r++)(t=(e=s[r]).getAttribute(\"data-secret\"))||(t=Math.random().toString(36).substring(2,12),e.src+=\"#?secret=\"+t,e.setAttribute(\"data-secret\",t)),e.contentWindow.postMessage({message:\"ready\",secret:t},\"*\")},!1)))}(window,document);\n\/\/# sourceURL=https:\/\/ppmedia.rs\/v2\/wp-includes\/js\/wp-embed.min.js\n\/* ]]> *\/\n<\/script>\n","thumbnail_url":"https:\/\/ppmedia.rs\/wp-content\/uploads\/2021\/04\/forma-ilustracija.jpg","thumbnail_width":625,"thumbnail_height":430,"description":"Prijepolje &#8211; Kompanija Forma Ideale, najve\u0107i srpski proizvo\u0111a\u010d name\u0161taja i lider u ovoj industriji za podru\u010dje jugoisto\u010dne Evrope, otvori\u0107e krajem aprila svoj prvi salon u Prijepolju, a 40-ti u maloprodajnoj mre\u017ei u Srbiji. U novom izlo\u017ebeno prodajnom prostoru Forma Ideale, koji se prostire na oko 430 m2 posetiocima \u0107e biti..."}

Prijepolje &#8211; Kompanija Forma Ideale, najveći srpski proizvođač nameštaja i lider u ovoj industriji za područje jugoistočne Evrope, otvoriće krajem aprila svoj prvi salon u Prijepolju, a 40-ti u maloprodajnoj mreži u Srbiji. U novom izložbeno prodajnom prostoru Forma Ideale, koji se prostire na oko 430 m2 posetiocima će biti...
