{"version":"1.0","provider_name":"PPmedia","provider_url":"https:\/\/ppmedia.rs\/v2","author_name":"adminpp033","author_url":"https:\/\/ppmedia.rs\/v2\/author\/adminpp033\/","title":"Glad polako kuca na vrata - PPmedia","type":"rich","width":600,"height":338,"html":"<blockquote class=\"wp-embedded-content\" data-secret=\"pR77k81Lzv\"><a href=\"https:\/\/ppmedia.rs\/v2\/glad-polako-kuca-na-vrata\/\">Glad polako kuca na vrata<\/a><\/blockquote><iframe sandbox=\"allow-scripts\" security=\"restricted\" src=\"https:\/\/ppmedia.rs\/v2\/glad-polako-kuca-na-vrata\/embed\/#?secret=pR77k81Lzv\" width=\"600\" height=\"338\" title=\"&#132;Glad polako kuca na vrata&#147; &#8212; PPmedia\" data-secret=\"pR77k81Lzv\" frameborder=\"0\" marginwidth=\"0\" marginheight=\"0\" scrolling=\"no\" class=\"wp-embedded-content\"><\/iframe><script type=\"text\/javascript\">\n\/* <![CDATA[ *\/\n\/*! This file is auto-generated *\/\n!function(d,l){\"use strict\";l.querySelector&&d.addEventListener&&\"undefined\"!=typeof URL&&(d.wp=d.wp||{},d.wp.receiveEmbedMessage||(d.wp.receiveEmbedMessage=function(e){var t=e.data;if((t||t.secret||t.message||t.value)&&!\/[^a-zA-Z0-9]\/.test(t.secret)){for(var s,r,n,a=l.querySelectorAll('iframe[data-secret=\"'+t.secret+'\"]'),o=l.querySelectorAll('blockquote[data-secret=\"'+t.secret+'\"]'),c=new RegExp(\"^https?:$\",\"i\"),i=0;i<o.length;i++)o[i].style.display=\"none\";for(i=0;i<a.length;i++)s=a[i],e.source===s.contentWindow&&(s.removeAttribute(\"style\"),\"height\"===t.message?(1e3<(r=parseInt(t.value,10))?r=1e3:~~r<200&&(r=200),s.height=r):\"link\"===t.message&&(r=new URL(s.getAttribute(\"src\")),n=new URL(t.value),c.test(n.protocol))&&n.host===r.host&&l.activeElement===s&&(d.top.location.href=t.value))}},d.addEventListener(\"message\",d.wp.receiveEmbedMessage,!1),l.addEventListener(\"DOMContentLoaded\",function(){for(var e,t,s=l.querySelectorAll(\"iframe.wp-embedded-content\"),r=0;r<s.length;r++)(t=(e=s[r]).getAttribute(\"data-secret\"))||(t=Math.random().toString(36).substring(2,12),e.src+=\"#?secret=\"+t,e.setAttribute(\"data-secret\",t)),e.contentWindow.postMessage({message:\"ready\",secret:t},\"*\")},!1)))}(window,document);\n\/\/# sourceURL=https:\/\/ppmedia.rs\/v2\/wp-includes\/js\/wp-embed.min.js\n\/* ]]> *\/\n<\/script>\n","thumbnail_url":"https:\/\/ppmedia.rs\/wp-content\/uploads\/2018\/02\/milan-adamovic-zabrdnji-tocifotogzs.jpg","thumbnail_width":800,"thumbnail_height":450,"description":"Milan Adamovi\u0107 iz prijepoljskog sela Zabrdnji Toci kome je sneg pre osam dana sru\u0161io ku\u0107u i dalje je prepu\u0161ten samome sebi, do njega jo\u0161 niko nije uspeo da se probije jer put nije \u010di\u0161\u0107en ni jednom od prvih sne\u017enih padavina. \u201cJedan moj ro\u0111ak ju\u010de je sa ladom nivom krenuo do..."}

Milan Adamović iz prijepoljskog sela Zabrdnji Toci kome je sneg pre osam dana srušio kuću i dalje je prepušten samome sebi, do njega još niko nije uspeo da se probije jer put nije čišćen ni jednom od prvih snežnih padavina. “Jedan moj rođak juče je sa ladom nivom krenuo do...
