{"version":"1.0","provider_name":"PPmedia","provider_url":"https:\/\/ppmedia.rs\/v2","author_name":"adminpp033","author_url":"https:\/\/ppmedia.rs\/v2\/author\/adminpp033\/","title":"Kamena Gora: Etno oaza ispod Crnog vrha - PPmedia","type":"rich","width":600,"height":338,"html":"<blockquote class=\"wp-embedded-content\" data-secret=\"zhVjgxLSy1\"><a href=\"https:\/\/ppmedia.rs\/v2\/kamena-gora-etno-oaza-ispod-crnog-vrha\/\">Kamena Gora: Etno oaza ispod Crnog vrha<\/a><\/blockquote><iframe sandbox=\"allow-scripts\" security=\"restricted\" src=\"https:\/\/ppmedia.rs\/v2\/kamena-gora-etno-oaza-ispod-crnog-vrha\/embed\/#?secret=zhVjgxLSy1\" width=\"600\" height=\"338\" title=\"&#132;Kamena Gora: Etno oaza ispod Crnog vrha&#147; &#8212; PPmedia\" data-secret=\"zhVjgxLSy1\" frameborder=\"0\" marginwidth=\"0\" marginheight=\"0\" scrolling=\"no\" class=\"wp-embedded-content\"><\/iframe><script type=\"text\/javascript\">\n\/* <![CDATA[ *\/\n\/*! This file is auto-generated *\/\n!function(d,l){\"use strict\";l.querySelector&&d.addEventListener&&\"undefined\"!=typeof URL&&(d.wp=d.wp||{},d.wp.receiveEmbedMessage||(d.wp.receiveEmbedMessage=function(e){var t=e.data;if((t||t.secret||t.message||t.value)&&!\/[^a-zA-Z0-9]\/.test(t.secret)){for(var s,r,n,a=l.querySelectorAll('iframe[data-secret=\"'+t.secret+'\"]'),o=l.querySelectorAll('blockquote[data-secret=\"'+t.secret+'\"]'),c=new RegExp(\"^https?:$\",\"i\"),i=0;i<o.length;i++)o[i].style.display=\"none\";for(i=0;i<a.length;i++)s=a[i],e.source===s.contentWindow&&(s.removeAttribute(\"style\"),\"height\"===t.message?(1e3<(r=parseInt(t.value,10))?r=1e3:~~r<200&&(r=200),s.height=r):\"link\"===t.message&&(r=new URL(s.getAttribute(\"src\")),n=new URL(t.value),c.test(n.protocol))&&n.host===r.host&&l.activeElement===s&&(d.top.location.href=t.value))}},d.addEventListener(\"message\",d.wp.receiveEmbedMessage,!1),l.addEventListener(\"DOMContentLoaded\",function(){for(var e,t,s=l.querySelectorAll(\"iframe.wp-embedded-content\"),r=0;r<s.length;r++)(t=(e=s[r]).getAttribute(\"data-secret\"))||(t=Math.random().toString(36).substring(2,12),e.src+=\"#?secret=\"+t,e.setAttribute(\"data-secret\",t)),e.contentWindow.postMessage({message:\"ready\",secret:t},\"*\")},!1)))}(window,document);\n\/\/# sourceURL=https:\/\/ppmedia.rs\/v2\/wp-includes\/js\/wp-embed.min.js\n\/* ]]> *\/\n<\/script>\n","thumbnail_url":"https:\/\/ppmedia.rs\/wp-content\/uploads\/2018\/11\/agroklub-1-za-svoju-dusu-milos-cmiljanovic-foto-memnuna-cmiljanovic-880x495.jpg","thumbnail_width":880,"thumbnail_height":495,"description":"Ispod Crnog vrha na Kamenoj Gori kod Prijepolja sagra\u0111en je privatni etno park, jedistven po mnogo \u010demu. Podi\u017ee ga Milo\u0161 Cmiljanovi\u0107, sam sa svojih deset prstiju, &#8222;guraju\u0107i&#8220; svoju &#8222;pri\u010du&#8220;, u \u017eelji da ovde, na najlep\u0161em delu planine napravi raj za istinske zaljubljenike u prirodu. Iza visoke drvene ograde smestilo se..."}

Ispod Crnog vrha na Kamenoj Gori kod Prijepolja sagrađen je privatni etno park, jedistven po mnogo čemu. Podiže ga Miloš Cmiljanović, sam sa svojih deset prstiju, &#8222;gurajući&#8220; svoju &#8222;priču&#8220;, u želji da ovde, na najlepšem delu planine napravi raj za istinske zaljubljenike u prirodu. Iza visoke drvene ograde smestilo se...
