{"version":"1.0","provider_name":"PPmedia","provider_url":"https:\/\/ppmedia.rs\/v2","author_name":"adminpp033","author_url":"https:\/\/ppmedia.rs\/v2\/author\/adminpp033\/","title":"Medijski savez Srbije: Sa\u010duvati i za\u0161titi Tanjug - PPmedia","type":"rich","width":600,"height":338,"html":"<blockquote class=\"wp-embedded-content\" data-secret=\"KX8bTq7y5u\"><a href=\"https:\/\/ppmedia.rs\/v2\/medijski-savez-srbije-sacuvati-zastiti-tanjug\/\">Medijski savez Srbije: Sa\u010duvati i za\u0161titi Tanjug<\/a><\/blockquote><iframe sandbox=\"allow-scripts\" security=\"restricted\" src=\"https:\/\/ppmedia.rs\/v2\/medijski-savez-srbije-sacuvati-zastiti-tanjug\/embed\/#?secret=KX8bTq7y5u\" width=\"600\" height=\"338\" title=\"&#132;Medijski savez Srbije: Sa\u010duvati i za\u0161titi Tanjug&#147; &#8212; PPmedia\" data-secret=\"KX8bTq7y5u\" frameborder=\"0\" marginwidth=\"0\" marginheight=\"0\" scrolling=\"no\" class=\"wp-embedded-content\"><\/iframe><script type=\"text\/javascript\">\n\/* <![CDATA[ *\/\n\/*! This file is auto-generated *\/\n!function(d,l){\"use strict\";l.querySelector&&d.addEventListener&&\"undefined\"!=typeof URL&&(d.wp=d.wp||{},d.wp.receiveEmbedMessage||(d.wp.receiveEmbedMessage=function(e){var t=e.data;if((t||t.secret||t.message||t.value)&&!\/[^a-zA-Z0-9]\/.test(t.secret)){for(var s,r,n,a=l.querySelectorAll('iframe[data-secret=\"'+t.secret+'\"]'),o=l.querySelectorAll('blockquote[data-secret=\"'+t.secret+'\"]'),c=new RegExp(\"^https?:$\",\"i\"),i=0;i<o.length;i++)o[i].style.display=\"none\";for(i=0;i<a.length;i++)s=a[i],e.source===s.contentWindow&&(s.removeAttribute(\"style\"),\"height\"===t.message?(1e3<(r=parseInt(t.value,10))?r=1e3:~~r<200&&(r=200),s.height=r):\"link\"===t.message&&(r=new URL(s.getAttribute(\"src\")),n=new URL(t.value),c.test(n.protocol))&&n.host===r.host&&l.activeElement===s&&(d.top.location.href=t.value))}},d.addEventListener(\"message\",d.wp.receiveEmbedMessage,!1),l.addEventListener(\"DOMContentLoaded\",function(){for(var e,t,s=l.querySelectorAll(\"iframe.wp-embedded-content\"),r=0;r<s.length;r++)(t=(e=s[r]).getAttribute(\"data-secret\"))||(t=Math.random().toString(36).substring(2,12),e.src+=\"#?secret=\"+t,e.setAttribute(\"data-secret\",t)),e.contentWindow.postMessage({message:\"ready\",secret:t},\"*\")},!1)))}(window,document);\n\/\/# sourceURL=https:\/\/ppmedia.rs\/v2\/wp-includes\/js\/wp-embed.min.js\n\/* ]]> *\/\n<\/script>\n","thumbnail_url":"https:\/\/ppmedia.rs\/wp-content\/uploads\/2017\/08\/medijski-savez-19082017.jpg","thumbnail_width":800,"thumbnail_height":450,"description":"Medijski savez Srbije tra\u017ei od predsednika i Vlade Srbije da za\u0161titi novinsku agenciju Tanjug. Tanjug je potreban dr\u017eavi Srbiji, potreban je gra\u0111anima Srbije ne samo zato \u0161to mu se veruje nego zato \u0161to je to nacionalna robna marka i jedna od najboljih novinskih agencija u svetu. Svoju te\u017einu i snagu..."}

Medijski savez Srbije: Sačuvati i zaštiti Tanjug - PPmedia

<blockquote class="wp-embedded-content" data-secret="KX8bTq7y5u"><a href="https://ppmedia.rs/v2/medijski-savez-srbije-sacuvati-zastiti-tanjug/">Medijski savez Srbije: Sačuvati i zaštiti Tanjug</a></blockquote><iframe sandbox="allow-scripts" security="restricted" src="https://ppmedia.rs/v2/medijski-savez-srbije-sacuvati-zastiti-tanjug/embed/#?secret=KX8bTq7y5u" width="600" height="338" title="&#132;Medijski savez Srbije: Sačuvati i zaštiti Tanjug&#147; &#8212; PPmedia" data-secret="KX8bTq7y5u" frameborder="0" marginwidth="0" marginheight="0" scrolling="no" class="wp-embedded-content"></iframe><script type="text/javascript">
/* <![CDATA[ */
/*! This file is auto-generated */
!function(d,l){"use strict";l.querySelector&&d.addEventListener&&"undefined"!=typeof URL&&(d.wp=d.wp||{},d.wp.receiveEmbedMessage||(d.wp.receiveEmbedMessage=function(e){var t=e.data;if((t||t.secret||t.message||t.value)&&!/[^a-zA-Z0-9]/.test(t.secret)){for(var s,r,n,a=l.querySelectorAll('iframe[data-secret="'+t.secret+'"]'),o=l.querySelectorAll('blockquote[data-secret="'+t.secret+'"]'),c=new RegExp("^https?:$","i"),i=0;i<o.length;i++)o[i].style.display="none";for(i=0;i<a.length;i++)s=a[i],e.source===s.contentWindow&&(s.removeAttribute("style"),"height"===t.message?(1e3<(r=parseInt(t.value,10))?r=1e3:~~r<200&&(r=200),s.height=r):"link"===t.message&&(r=new URL(s.getAttribute("src")),n=new URL(t.value),c.test(n.protocol))&&n.host===r.host&&l.activeElement===s&&(d.top.location.href=t.value))}},d.addEventListener("message",d.wp.receiveEmbedMessage,!1),l.addEventListener("DOMContentLoaded",function(){for(var e,t,s=l.querySelectorAll("iframe.wp-embedded-content"),r=0;r<s.length;r++)(t=(e=s[r]).getAttribute("data-secret"))||(t=Math.random().toString(36).substring(2,12),e.src+="#?secret="+t,e.setAttribute("data-secret",t)),e.contentWindow.postMessage({message:"ready",secret:t},"*")},!1)))}(window,document);
//# sourceURL=https://ppmedia.rs/v2/wp-includes/js/wp-embed.min.js
/* ]]> */
</script>

Medijski savez Srbije traži od predsednika i Vlade Srbije da zaštiti novinsku agenciju Tanjug. Tanjug je potreban državi Srbiji, potreban je građanima Srbije ne samo zato što mu se veruje nego zato što je to nacionalna robna marka i jedna od najboljih novinskih agencija u svetu. Svoju težinu i snagu...
