{"version":"1.0","provider_name":"PPmedia","provider_url":"https:\/\/ppmedia.rs\/v2","author_name":"adminpp033","author_url":"https:\/\/ppmedia.rs\/v2\/author\/adminpp033\/","title":"\"Metla\" u bazi naprednjaka od 1. septembra - PPmedia","type":"rich","width":600,"height":338,"html":"<blockquote class=\"wp-embedded-content\" data-secret=\"2NPcE1htdT\"><a href=\"https:\/\/ppmedia.rs\/v2\/metla-u-bazi-naprednjaka-od-1-septembra\/\">&#8222;Metla&#8220; u bazi naprednjaka od 1. septembra<\/a><\/blockquote><iframe sandbox=\"allow-scripts\" security=\"restricted\" src=\"https:\/\/ppmedia.rs\/v2\/metla-u-bazi-naprednjaka-od-1-septembra\/embed\/#?secret=2NPcE1htdT\" width=\"600\" height=\"338\" title=\"&#132;&#8222;Metla&#8220; u bazi naprednjaka od 1. septembra&#147; &#8212; PPmedia\" data-secret=\"2NPcE1htdT\" frameborder=\"0\" marginwidth=\"0\" marginheight=\"0\" scrolling=\"no\" class=\"wp-embedded-content\"><\/iframe><script type=\"text\/javascript\">\n\/* <![CDATA[ *\/\n\/*! This file is auto-generated *\/\n!function(d,l){\"use strict\";l.querySelector&&d.addEventListener&&\"undefined\"!=typeof URL&&(d.wp=d.wp||{},d.wp.receiveEmbedMessage||(d.wp.receiveEmbedMessage=function(e){var t=e.data;if((t||t.secret||t.message||t.value)&&!\/[^a-zA-Z0-9]\/.test(t.secret)){for(var s,r,n,a=l.querySelectorAll('iframe[data-secret=\"'+t.secret+'\"]'),o=l.querySelectorAll('blockquote[data-secret=\"'+t.secret+'\"]'),c=new RegExp(\"^https?:$\",\"i\"),i=0;i<o.length;i++)o[i].style.display=\"none\";for(i=0;i<a.length;i++)s=a[i],e.source===s.contentWindow&&(s.removeAttribute(\"style\"),\"height\"===t.message?(1e3<(r=parseInt(t.value,10))?r=1e3:~~r<200&&(r=200),s.height=r):\"link\"===t.message&&(r=new URL(s.getAttribute(\"src\")),n=new URL(t.value),c.test(n.protocol))&&n.host===r.host&&l.activeElement===s&&(d.top.location.href=t.value))}},d.addEventListener(\"message\",d.wp.receiveEmbedMessage,!1),l.addEventListener(\"DOMContentLoaded\",function(){for(var e,t,s=l.querySelectorAll(\"iframe.wp-embedded-content\"),r=0;r<s.length;r++)(t=(e=s[r]).getAttribute(\"data-secret\"))||(t=Math.random().toString(36).substring(2,12),e.src+=\"#?secret=\"+t,e.setAttribute(\"data-secret\",t)),e.contentWindow.postMessage({message:\"ready\",secret:t},\"*\")},!1)))}(window,document);\n\/\/# sourceURL=https:\/\/ppmedia.rs\/v2\/wp-includes\/js\/wp-embed.min.js\n\/* ]]> *\/\n<\/script>\n","thumbnail_url":"https:\/\/ppmedia.rs\/wp-content\/uploads\/2019\/03\/03-metla-1_620x0.jpg","thumbnail_width":620,"thumbnail_height":413,"description":"Izbori unutar SNS po\u010de\u0107e 1. septembra, najpre &#8222;provetravanjem&#8220; rukovodstva na lokalnom nivou, a ceo proces kadrovskog osve\u017eavanja trebalo bi da bude zavr\u0161en do kraja godine, kada \u0107e biti odr\u017eana izborna skup\u0161tina na kojoj \u0107e se birati vrh naprednjaka. Ovakav kalendar izbornih radnji ima za cilj da se pre glasanja za..."}

Izbori unutar SNS počeće 1. septembra, najpre &#8222;provetravanjem&#8220; rukovodstva na lokalnom nivou, a ceo proces kadrovskog osvežavanja trebalo bi da bude završen do kraja godine, kada će biti održana izborna skupština na kojoj će se birati vrh naprednjaka. Ovakav kalendar izbornih radnji ima za cilj da se pre glasanja za...
