{"version":"1.0","provider_name":"PPmedia","provider_url":"https:\/\/ppmedia.rs\/v2","author_name":"adminpp033","author_url":"https:\/\/ppmedia.rs\/v2\/author\/adminpp033\/","title":"Ministar Vulin u petak u Priboju - PPmedia","type":"rich","width":600,"height":338,"html":"<blockquote class=\"wp-embedded-content\" data-secret=\"Kayt1kdnW2\"><a href=\"https:\/\/ppmedia.rs\/v2\/ministar-vulin-u-petak-u-priboju\/\">Ministar Vulin u petak u Priboju<\/a><\/blockquote><iframe sandbox=\"allow-scripts\" security=\"restricted\" src=\"https:\/\/ppmedia.rs\/v2\/ministar-vulin-u-petak-u-priboju\/embed\/#?secret=Kayt1kdnW2\" width=\"600\" height=\"338\" title=\"&#132;Ministar Vulin u petak u Priboju&#147; &#8212; PPmedia\" data-secret=\"Kayt1kdnW2\" frameborder=\"0\" marginwidth=\"0\" marginheight=\"0\" scrolling=\"no\" class=\"wp-embedded-content\"><\/iframe><script type=\"text\/javascript\">\n\/* <![CDATA[ *\/\n\/*! This file is auto-generated *\/\n!function(d,l){\"use strict\";l.querySelector&&d.addEventListener&&\"undefined\"!=typeof URL&&(d.wp=d.wp||{},d.wp.receiveEmbedMessage||(d.wp.receiveEmbedMessage=function(e){var t=e.data;if((t||t.secret||t.message||t.value)&&!\/[^a-zA-Z0-9]\/.test(t.secret)){for(var s,r,n,a=l.querySelectorAll('iframe[data-secret=\"'+t.secret+'\"]'),o=l.querySelectorAll('blockquote[data-secret=\"'+t.secret+'\"]'),c=new RegExp(\"^https?:$\",\"i\"),i=0;i<o.length;i++)o[i].style.display=\"none\";for(i=0;i<a.length;i++)s=a[i],e.source===s.contentWindow&&(s.removeAttribute(\"style\"),\"height\"===t.message?(1e3<(r=parseInt(t.value,10))?r=1e3:~~r<200&&(r=200),s.height=r):\"link\"===t.message&&(r=new URL(s.getAttribute(\"src\")),n=new URL(t.value),c.test(n.protocol))&&n.host===r.host&&l.activeElement===s&&(d.top.location.href=t.value))}},d.addEventListener(\"message\",d.wp.receiveEmbedMessage,!1),l.addEventListener(\"DOMContentLoaded\",function(){for(var e,t,s=l.querySelectorAll(\"iframe.wp-embedded-content\"),r=0;r<s.length;r++)(t=(e=s[r]).getAttribute(\"data-secret\"))||(t=Math.random().toString(36).substring(2,12),e.src+=\"#?secret=\"+t,e.setAttribute(\"data-secret\",t)),e.contentWindow.postMessage({message:\"ready\",secret:t},\"*\")},!1)))}(window,document);\n\/\/# sourceURL=https:\/\/ppmedia.rs\/v2\/wp-includes\/js\/wp-embed.min.js\n\/* ]]> *\/\n<\/script>\n","thumbnail_url":"https:\/\/ppmedia.rs\/wp-content\/uploads\/2019\/05\/ministar_vulin_u_priboju_1.jpg","thumbnail_width":700,"thumbnail_height":360,"description":"Ministar odbrane Aleksandar Vulin obi\u0107i \u0107e u petak 17. maja preduze\u0107e &#8222;FAP korporacija&#8220; a.d. u Priboju. Tom prilikom ministar \u0107e prisustvovati prijemu novoproizvedenih teretnih vozila FAP 3240 za potrebe Vojske Srbije. Ina\u010de, pribojski FAP je uz pomo\u0107 Vojske Srbije dobio \u0161ansu za novi po\u010detak. Vlada Srbije je po\u010dev od 2012...."}

Ministar odbrane Aleksandar Vulin obići će u petak 17. maja preduzeće &#8222;FAP korporacija&#8220; a.d. u Priboju. Tom prilikom ministar će prisustvovati prijemu novoproizvedenih teretnih vozila FAP 3240 za potrebe Vojske Srbije. Inače, pribojski FAP je uz pomoć Vojske Srbije dobio šansu za novi početak. Vlada Srbije je počev od 2012....
