{"version":"1.0","provider_name":"PPmedia","provider_url":"https:\/\/ppmedia.rs\/v2","author_name":"adminpp033","author_url":"https:\/\/ppmedia.rs\/v2\/author\/adminpp033\/","title":"Nastava na daljinu do 29. maja - PPmedia","type":"rich","width":600,"height":338,"html":"<blockquote class=\"wp-embedded-content\" data-secret=\"YJCi5GKeTQ\"><a href=\"https:\/\/ppmedia.rs\/v2\/nastava-na-daljinu-do-29-maja\/\">Nastava na daljinu do 29. maja<\/a><\/blockquote><iframe sandbox=\"allow-scripts\" security=\"restricted\" src=\"https:\/\/ppmedia.rs\/v2\/nastava-na-daljinu-do-29-maja\/embed\/#?secret=YJCi5GKeTQ\" width=\"600\" height=\"338\" title=\"&#132;Nastava na daljinu do 29. maja&#147; &#8212; PPmedia\" data-secret=\"YJCi5GKeTQ\" frameborder=\"0\" marginwidth=\"0\" marginheight=\"0\" scrolling=\"no\" class=\"wp-embedded-content\"><\/iframe><script type=\"text\/javascript\">\n\/* <![CDATA[ *\/\n\/*! This file is auto-generated *\/\n!function(d,l){\"use strict\";l.querySelector&&d.addEventListener&&\"undefined\"!=typeof URL&&(d.wp=d.wp||{},d.wp.receiveEmbedMessage||(d.wp.receiveEmbedMessage=function(e){var t=e.data;if((t||t.secret||t.message||t.value)&&!\/[^a-zA-Z0-9]\/.test(t.secret)){for(var s,r,n,a=l.querySelectorAll('iframe[data-secret=\"'+t.secret+'\"]'),o=l.querySelectorAll('blockquote[data-secret=\"'+t.secret+'\"]'),c=new RegExp(\"^https?:$\",\"i\"),i=0;i<o.length;i++)o[i].style.display=\"none\";for(i=0;i<a.length;i++)s=a[i],e.source===s.contentWindow&&(s.removeAttribute(\"style\"),\"height\"===t.message?(1e3<(r=parseInt(t.value,10))?r=1e3:~~r<200&&(r=200),s.height=r):\"link\"===t.message&&(r=new URL(s.getAttribute(\"src\")),n=new URL(t.value),c.test(n.protocol))&&n.host===r.host&&l.activeElement===s&&(d.top.location.href=t.value))}},d.addEventListener(\"message\",d.wp.receiveEmbedMessage,!1),l.addEventListener(\"DOMContentLoaded\",function(){for(var e,t,s=l.querySelectorAll(\"iframe.wp-embedded-content\"),r=0;r<s.length;r++)(t=(e=s[r]).getAttribute(\"data-secret\"))||(t=Math.random().toString(36).substring(2,12),e.src+=\"#?secret=\"+t,e.setAttribute(\"data-secret\",t)),e.contentWindow.postMessage({message:\"ready\",secret:t},\"*\")},!1)))}(window,document);\n\/\/# sourceURL=https:\/\/ppmedia.rs\/v2\/wp-includes\/js\/wp-embed.min.js\n\/* ]]> *\/\n<\/script>\n","thumbnail_url":"https:\/\/ppmedia.rs\/wp-content\/uploads\/2020\/05\/skola-valter-maj-mesec-scaled.jpg","thumbnail_width":2560,"thumbnail_height":1440,"description":"Poslednji dan nastave na daljinu jeste petak, 29. maj 2020. godine, za sve \u0111ake, saop\u0161teno je danas iz Pokrajinske vlade. Osmaci se zvani\u010dno raspu\u0161taju 5. juna, dok je zavr\u0161etak \u0161kolske godine za u\u010denike od prvog do sedmog razreda osnovne \u0161kole 16. jun. Prve dve nedelje juna rezervisane su za organizaciju..."}

Poslednji dan nastave na daljinu jeste petak, 29. maj 2020. godine, za sve đake, saopšteno je danas iz Pokrajinske vlade. Osmaci se zvanično raspuštaju 5. juna, dok je završetak školske godine za učenike od prvog do sedmog razreda osnovne škole 16. jun. Prve dve nedelje juna rezervisane su za organizaciju...
