{"version":"1.0","provider_name":"PPmedia","provider_url":"https:\/\/ppmedia.rs\/v2","author_name":"adminpp033","author_url":"https:\/\/ppmedia.rs\/v2\/author\/adminpp033\/","title":"Novi FAP kamioni za Vojsku Srbije - PPmedia","type":"rich","width":600,"height":338,"html":"<blockquote class=\"wp-embedded-content\" data-secret=\"IXO3t9UuFn\"><a href=\"https:\/\/ppmedia.rs\/v2\/novi-fap-kamioni-za-vojsku-srbije\/\">Novi FAP kamioni za Vojsku Srbije<\/a><\/blockquote><iframe sandbox=\"allow-scripts\" security=\"restricted\" src=\"https:\/\/ppmedia.rs\/v2\/novi-fap-kamioni-za-vojsku-srbije\/embed\/#?secret=IXO3t9UuFn\" width=\"600\" height=\"338\" title=\"&#132;Novi FAP kamioni za Vojsku Srbije&#147; &#8212; PPmedia\" data-secret=\"IXO3t9UuFn\" frameborder=\"0\" marginwidth=\"0\" marginheight=\"0\" scrolling=\"no\" class=\"wp-embedded-content\"><\/iframe><script type=\"text\/javascript\">\n\/* <![CDATA[ *\/\n\/*! This file is auto-generated *\/\n!function(d,l){\"use strict\";l.querySelector&&d.addEventListener&&\"undefined\"!=typeof URL&&(d.wp=d.wp||{},d.wp.receiveEmbedMessage||(d.wp.receiveEmbedMessage=function(e){var t=e.data;if((t||t.secret||t.message||t.value)&&!\/[^a-zA-Z0-9]\/.test(t.secret)){for(var s,r,n,a=l.querySelectorAll('iframe[data-secret=\"'+t.secret+'\"]'),o=l.querySelectorAll('blockquote[data-secret=\"'+t.secret+'\"]'),c=new RegExp(\"^https?:$\",\"i\"),i=0;i<o.length;i++)o[i].style.display=\"none\";for(i=0;i<a.length;i++)s=a[i],e.source===s.contentWindow&&(s.removeAttribute(\"style\"),\"height\"===t.message?(1e3<(r=parseInt(t.value,10))?r=1e3:~~r<200&&(r=200),s.height=r):\"link\"===t.message&&(r=new URL(s.getAttribute(\"src\")),n=new URL(t.value),c.test(n.protocol))&&n.host===r.host&&l.activeElement===s&&(d.top.location.href=t.value))}},d.addEventListener(\"message\",d.wp.receiveEmbedMessage,!1),l.addEventListener(\"DOMContentLoaded\",function(){for(var e,t,s=l.querySelectorAll(\"iframe.wp-embedded-content\"),r=0;r<s.length;r++)(t=(e=s[r]).getAttribute(\"data-secret\"))||(t=Math.random().toString(36).substring(2,12),e.src+=\"#?secret=\"+t,e.setAttribute(\"data-secret\",t)),e.contentWindow.postMessage({message:\"ready\",secret:t},\"*\")},!1)))}(window,document);\n\/\/# sourceURL=https:\/\/ppmedia.rs\/v2\/wp-includes\/js\/wp-embed.min.js\n\/* ]]> *\/\n<\/script>\n","thumbnail_url":"https:\/\/ppmedia.rs\/wp-content\/uploads\/2017\/12\/fap-3.jpg","thumbnail_width":2500,"thumbnail_height":1667,"description":"Ministar odbrane Aleksandar Vulin i na\u010delnik General\u0161taba Vojske Srbije Ljubi\u0161a Dikovi\u0107 prisustvovali su sa saradnicima preuzimanju novih vozila pribojske FAP Korporacije a.d. gde su ih, pored generalnog direktora Ranka Vukovi\u0107a, do\u010dekali na\u010delnik Zlatiborskog okruga Dimitrije Paunovi\u0107, predsednik op\u0161tine Priboj Lazar Rvovi\u0107 i predsednik Nadzornog odbora FAP Korporacije a.d. Nemanja Stevanovi\u0107...."}

Ministar odbrane Aleksandar Vulin i načelnik Generalštaba Vojske Srbije Ljubiša Diković prisustvovali su sa saradnicima preuzimanju novih vozila pribojske FAP Korporacije a.d. gde su ih, pored generalnog direktora Ranka Vukovića, dočekali načelnik Zlatiborskog okruga Dimitrije Paunović, predsednik opštine Priboj Lazar Rvović i predsednik Nadzornog odbora FAP Korporacije a.d. Nemanja Stevanović....
