{"version":"1.0","provider_name":"PPmedia","provider_url":"https:\/\/ppmedia.rs\/v2","author_name":"adminpp033","author_url":"https:\/\/ppmedia.rs\/v2\/author\/adminpp033\/","title":"Op\u0161tina uve\u0107ala naknade za nezaposlene porodilje - PPmedia","type":"rich","width":600,"height":338,"html":"<blockquote class=\"wp-embedded-content\" data-secret=\"AirRkj6bBA\"><a href=\"https:\/\/ppmedia.rs\/v2\/opstina-uvecala-naknade-za-nezaposlene-porodilje\/\">Op\u0161tina uve\u0107ala naknade za nezaposlene porodilje<\/a><\/blockquote><iframe sandbox=\"allow-scripts\" security=\"restricted\" src=\"https:\/\/ppmedia.rs\/v2\/opstina-uvecala-naknade-za-nezaposlene-porodilje\/embed\/#?secret=AirRkj6bBA\" width=\"600\" height=\"338\" title=\"&#132;Op\u0161tina uve\u0107ala naknade za nezaposlene porodilje&#147; &#8212; PPmedia\" data-secret=\"AirRkj6bBA\" frameborder=\"0\" marginwidth=\"0\" marginheight=\"0\" scrolling=\"no\" class=\"wp-embedded-content\"><\/iframe><script type=\"text\/javascript\">\n\/* <![CDATA[ *\/\n\/*! This file is auto-generated *\/\n!function(d,l){\"use strict\";l.querySelector&&d.addEventListener&&\"undefined\"!=typeof URL&&(d.wp=d.wp||{},d.wp.receiveEmbedMessage||(d.wp.receiveEmbedMessage=function(e){var t=e.data;if((t||t.secret||t.message||t.value)&&!\/[^a-zA-Z0-9]\/.test(t.secret)){for(var s,r,n,a=l.querySelectorAll('iframe[data-secret=\"'+t.secret+'\"]'),o=l.querySelectorAll('blockquote[data-secret=\"'+t.secret+'\"]'),c=new RegExp(\"^https?:$\",\"i\"),i=0;i<o.length;i++)o[i].style.display=\"none\";for(i=0;i<a.length;i++)s=a[i],e.source===s.contentWindow&&(s.removeAttribute(\"style\"),\"height\"===t.message?(1e3<(r=parseInt(t.value,10))?r=1e3:~~r<200&&(r=200),s.height=r):\"link\"===t.message&&(r=new URL(s.getAttribute(\"src\")),n=new URL(t.value),c.test(n.protocol))&&n.host===r.host&&l.activeElement===s&&(d.top.location.href=t.value))}},d.addEventListener(\"message\",d.wp.receiveEmbedMessage,!1),l.addEventListener(\"DOMContentLoaded\",function(){for(var e,t,s=l.querySelectorAll(\"iframe.wp-embedded-content\"),r=0;r<s.length;r++)(t=(e=s[r]).getAttribute(\"data-secret\"))||(t=Math.random().toString(36).substring(2,12),e.src+=\"#?secret=\"+t,e.setAttribute(\"data-secret\",t)),e.contentWindow.postMessage({message:\"ready\",secret:t},\"*\")},!1)))}(window,document);\n\/\/# sourceURL=https:\/\/ppmedia.rs\/v2\/wp-includes\/js\/wp-embed.min.js\n\/* ]]> *\/\n<\/script>\n","thumbnail_url":"https:\/\/ppmedia.rs\/wp-content\/uploads\/2022\/01\/varos-foto-a.r.-scaled.jpg","thumbnail_width":2560,"thumbnail_height":1440,"description":"Nova Varo\u0161 &#8211; Nezaposlene porodilje sa mestom prebivali\u0161ta u op\u0161tini Nova Varo\u0161 prima\u0107e u budu\u0107e znatno ve\u0107u nov\u010danu nadoknadu nego pre. Odluka koju su nedavno doneli odbornici lokalnog parlamenta primenjuje se od 1. januara. Naknade za novoro\u0111en\u010dad nisu se menjale. Prema ovoj odluci, nezaposlene porodilje \u0107e za prvoro\u0111eno dete mese\u010dno..."}

Opština uvećala naknade za nezaposlene porodilje - PPmedia

<blockquote class="wp-embedded-content" data-secret="AirRkj6bBA"><a href="https://ppmedia.rs/v2/opstina-uvecala-naknade-za-nezaposlene-porodilje/">Opština uvećala naknade za nezaposlene porodilje</a></blockquote><iframe sandbox="allow-scripts" security="restricted" src="https://ppmedia.rs/v2/opstina-uvecala-naknade-za-nezaposlene-porodilje/embed/#?secret=AirRkj6bBA" width="600" height="338" title="&#132;Opština uvećala naknade za nezaposlene porodilje&#147; &#8212; PPmedia" data-secret="AirRkj6bBA" frameborder="0" marginwidth="0" marginheight="0" scrolling="no" class="wp-embedded-content"></iframe><script type="text/javascript">
/* <![CDATA[ */
/*! This file is auto-generated */
!function(d,l){"use strict";l.querySelector&&d.addEventListener&&"undefined"!=typeof URL&&(d.wp=d.wp||{},d.wp.receiveEmbedMessage||(d.wp.receiveEmbedMessage=function(e){var t=e.data;if((t||t.secret||t.message||t.value)&&!/[^a-zA-Z0-9]/.test(t.secret)){for(var s,r,n,a=l.querySelectorAll('iframe[data-secret="'+t.secret+'"]'),o=l.querySelectorAll('blockquote[data-secret="'+t.secret+'"]'),c=new RegExp("^https?:$","i"),i=0;i<o.length;i++)o[i].style.display="none";for(i=0;i<a.length;i++)s=a[i],e.source===s.contentWindow&&(s.removeAttribute("style"),"height"===t.message?(1e3<(r=parseInt(t.value,10))?r=1e3:~~r<200&&(r=200),s.height=r):"link"===t.message&&(r=new URL(s.getAttribute("src")),n=new URL(t.value),c.test(n.protocol))&&n.host===r.host&&l.activeElement===s&&(d.top.location.href=t.value))}},d.addEventListener("message",d.wp.receiveEmbedMessage,!1),l.addEventListener("DOMContentLoaded",function(){for(var e,t,s=l.querySelectorAll("iframe.wp-embedded-content"),r=0;r<s.length;r++)(t=(e=s[r]).getAttribute("data-secret"))||(t=Math.random().toString(36).substring(2,12),e.src+="#?secret="+t,e.setAttribute("data-secret",t)),e.contentWindow.postMessage({message:"ready",secret:t},"*")},!1)))}(window,document);
//# sourceURL=https://ppmedia.rs/v2/wp-includes/js/wp-embed.min.js
/* ]]> */
</script>

Nova Varoš &#8211; Nezaposlene porodilje sa mestom prebivališta u opštini Nova Varoš primaće u buduće znatno veću novčanu nadoknadu nego pre. Odluka koju su nedavno doneli odbornici lokalnog parlamenta primenjuje se od 1. januara. Naknade za novorođenčad nisu se menjale. Prema ovoj odluci, nezaposlene porodilje će za prvorođeno dete mesečno...
