{"version":"1.0","provider_name":"PPmedia","provider_url":"https:\/\/ppmedia.rs\/v2","author_name":"adminpp033","author_url":"https:\/\/ppmedia.rs\/v2\/author\/adminpp033\/","title":"Osmi \u201eZlatarfest\u201c od 29. jula do 1. avgusta - PPmedia","type":"rich","width":600,"height":338,"html":"<blockquote class=\"wp-embedded-content\" data-secret=\"s5g8Imnz68\"><a href=\"https:\/\/ppmedia.rs\/v2\/osmi-zlatarfest-od-29-jula-do-1-avgusta\/\">Osmi \u201eZlatarfest\u201c od 29. jula do 1. avgusta<\/a><\/blockquote><iframe sandbox=\"allow-scripts\" security=\"restricted\" src=\"https:\/\/ppmedia.rs\/v2\/osmi-zlatarfest-od-29-jula-do-1-avgusta\/embed\/#?secret=s5g8Imnz68\" width=\"600\" height=\"338\" title=\"&#132;Osmi \u201eZlatarfest\u201c od 29. jula do 1. avgusta&#147; &#8212; PPmedia\" data-secret=\"s5g8Imnz68\" frameborder=\"0\" marginwidth=\"0\" marginheight=\"0\" scrolling=\"no\" class=\"wp-embedded-content\"><\/iframe><script type=\"text\/javascript\">\n\/* <![CDATA[ *\/\n\/*! This file is auto-generated *\/\n!function(d,l){\"use strict\";l.querySelector&&d.addEventListener&&\"undefined\"!=typeof URL&&(d.wp=d.wp||{},d.wp.receiveEmbedMessage||(d.wp.receiveEmbedMessage=function(e){var t=e.data;if((t||t.secret||t.message||t.value)&&!\/[^a-zA-Z0-9]\/.test(t.secret)){for(var s,r,n,a=l.querySelectorAll('iframe[data-secret=\"'+t.secret+'\"]'),o=l.querySelectorAll('blockquote[data-secret=\"'+t.secret+'\"]'),c=new RegExp(\"^https?:$\",\"i\"),i=0;i<o.length;i++)o[i].style.display=\"none\";for(i=0;i<a.length;i++)s=a[i],e.source===s.contentWindow&&(s.removeAttribute(\"style\"),\"height\"===t.message?(1e3<(r=parseInt(t.value,10))?r=1e3:~~r<200&&(r=200),s.height=r):\"link\"===t.message&&(r=new URL(s.getAttribute(\"src\")),n=new URL(t.value),c.test(n.protocol))&&n.host===r.host&&l.activeElement===s&&(d.top.location.href=t.value))}},d.addEventListener(\"message\",d.wp.receiveEmbedMessage,!1),l.addEventListener(\"DOMContentLoaded\",function(){for(var e,t,s=l.querySelectorAll(\"iframe.wp-embedded-content\"),r=0;r<s.length;r++)(t=(e=s[r]).getAttribute(\"data-secret\"))||(t=Math.random().toString(36).substring(2,12),e.src+=\"#?secret=\"+t,e.setAttribute(\"data-secret\",t)),e.contentWindow.postMessage({message:\"ready\",secret:t},\"*\")},!1)))}(window,document);\n\/\/# sourceURL=https:\/\/ppmedia.rs\/v2\/wp-includes\/js\/wp-embed.min.js\n\/* ]]> *\/\n<\/script>\n","thumbnail_url":"https:\/\/ppmedia.rs\/wp-content\/uploads\/2021\/06\/Detalj-sa-proslogodisnjeg-Zlatarfesta-i-koncerta-na-gradskom-Trgu-foto-A.Rovcanin.jpg","thumbnail_width":1177,"thumbnail_height":662,"description":"Nova Varo\u0161 &#8211; \u201eZlatarfest\u201c \u0107e ipak biti odr\u017ean ovog leta, i to u tradicionalnom terminu od 29. jula do 1. avgusta, odlu\u010dio je organizacioni odbor. Manifestacija koja je ustanovljena pre devet godine, lane je izostala zbog epidemiolo\u0161kih mera koje su bila na snazi zbog korone. \u041aako \u0107e ovogodi\u0161nji \u201eZlatarfest\u201c izgledati..."}

Nova Varoš &#8211; „Zlatarfest“ će ipak biti održan ovog leta, i to u tradicionalnom terminu od 29. jula do 1. avgusta, odlučio je organizacioni odbor. Manifestacija koja je ustanovljena pre devet godine, lane je izostala zbog epidemioloških mera koje su bila na snazi zbog korone. Кako će ovogodišnji „Zlatarfest“ izgledati...
