{"version":"1.0","provider_name":"PPmedia","provider_url":"https:\/\/ppmedia.rs\/v2","author_name":"adminpp033","author_url":"https:\/\/ppmedia.rs\/v2\/author\/adminpp033\/","title":"Priboj u projektu Zelena privreda Srbije - PPmedia","type":"rich","width":600,"height":338,"html":"<blockquote class=\"wp-embedded-content\" data-secret=\"myMWxJh11d\"><a href=\"https:\/\/ppmedia.rs\/v2\/priboj-u-projektu-zelena-privreda-srbije\/\">Priboj u projektu Zelena privreda Srbije<\/a><\/blockquote><iframe sandbox=\"allow-scripts\" security=\"restricted\" src=\"https:\/\/ppmedia.rs\/v2\/priboj-u-projektu-zelena-privreda-srbije\/embed\/#?secret=myMWxJh11d\" width=\"600\" height=\"338\" title=\"&#132;Priboj u projektu Zelena privreda Srbije&#147; &#8212; PPmedia\" data-secret=\"myMWxJh11d\" frameborder=\"0\" marginwidth=\"0\" marginheight=\"0\" scrolling=\"no\" class=\"wp-embedded-content\"><\/iframe><script type=\"text\/javascript\">\n\/* <![CDATA[ *\/\n\/*! This file is auto-generated *\/\n!function(d,l){\"use strict\";l.querySelector&&d.addEventListener&&\"undefined\"!=typeof URL&&(d.wp=d.wp||{},d.wp.receiveEmbedMessage||(d.wp.receiveEmbedMessage=function(e){var t=e.data;if((t||t.secret||t.message||t.value)&&!\/[^a-zA-Z0-9]\/.test(t.secret)){for(var s,r,n,a=l.querySelectorAll('iframe[data-secret=\"'+t.secret+'\"]'),o=l.querySelectorAll('blockquote[data-secret=\"'+t.secret+'\"]'),c=new RegExp(\"^https?:$\",\"i\"),i=0;i<o.length;i++)o[i].style.display=\"none\";for(i=0;i<a.length;i++)s=a[i],e.source===s.contentWindow&&(s.removeAttribute(\"style\"),\"height\"===t.message?(1e3<(r=parseInt(t.value,10))?r=1e3:~~r<200&&(r=200),s.height=r):\"link\"===t.message&&(r=new URL(s.getAttribute(\"src\")),n=new URL(t.value),c.test(n.protocol))&&n.host===r.host&&l.activeElement===s&&(d.top.location.href=t.value))}},d.addEventListener(\"message\",d.wp.receiveEmbedMessage,!1),l.addEventListener(\"DOMContentLoaded\",function(){for(var e,t,s=l.querySelectorAll(\"iframe.wp-embedded-content\"),r=0;r<s.length;r++)(t=(e=s[r]).getAttribute(\"data-secret\"))||(t=Math.random().toString(36).substring(2,12),e.src+=\"#?secret=\"+t,e.setAttribute(\"data-secret\",t)),e.contentWindow.postMessage({message:\"ready\",secret:t},\"*\")},!1)))}(window,document);\n\/\/# sourceURL=https:\/\/ppmedia.rs\/v2\/wp-includes\/js\/wp-embed.min.js\n\/* ]]> *\/\n<\/script>\n","thumbnail_url":"https:\/\/ppmedia.rs\/wp-content\/uploads\/2022\/03\/priboj-iz-drugog-ugla-scaled.jpg","thumbnail_width":2560,"thumbnail_height":1440,"description":"Priboj\/U\u017eice\/Pirot\/Kosjeri\u0107 \u2013 U Regionalnoj privrednoj komori predstavljen je projekat Zelena privreda Srbije koji sprovodi Asocijacija za afirmaciju kulture uz podr\u0161ku Fondacije otvorenog dru\u0161tva, \u010diji je cilj da pribli\u017ei zero Waste princip, odnosno cirkularnu ekonomiju, lokalnim samoupravama, privredi i gra\u0111anima dva upravna okruga.Projekat \u0107e delovati na podru\u010djima Pirota, Priboja, Kosjeri\u0107a i..."}

Priboj/Užice/Pirot/Kosjerić – U Regionalnoj privrednoj komori predstavljen je projekat Zelena privreda Srbije koji sprovodi Asocijacija za afirmaciju kulture uz podršku Fondacije otvorenog društva, čiji je cilj da približi zero Waste princip, odnosno cirkularnu ekonomiju, lokalnim samoupravama, privredi i građanima dva upravna okruga.Projekat će delovati na područjima Pirota, Priboja, Kosjerića i...
