{"version":"1.0","provider_name":"PPmedia","provider_url":"https:\/\/ppmedia.rs\/v2","author_name":"adminpp033","author_url":"https:\/\/ppmedia.rs\/v2\/author\/adminpp033\/","title":"Raspisani izbori za Nacionalne savete nacionalnih manjina - PPmedia","type":"rich","width":600,"height":338,"html":"<blockquote class=\"wp-embedded-content\" data-secret=\"OxXfmWMJ56\"><a href=\"https:\/\/ppmedia.rs\/v2\/raspisani-izbori-za-nacionalne-savete-nacionalnih-manjina\/\">Raspisani izbori za Nacionalne savete nacionalnih manjina<\/a><\/blockquote><iframe sandbox=\"allow-scripts\" security=\"restricted\" src=\"https:\/\/ppmedia.rs\/v2\/raspisani-izbori-za-nacionalne-savete-nacionalnih-manjina\/embed\/#?secret=OxXfmWMJ56\" width=\"600\" height=\"338\" title=\"&#132;Raspisani izbori za Nacionalne savete nacionalnih manjina&#147; &#8212; PPmedia\" data-secret=\"OxXfmWMJ56\" frameborder=\"0\" marginwidth=\"0\" marginheight=\"0\" scrolling=\"no\" class=\"wp-embedded-content\"><\/iframe><script type=\"text\/javascript\">\n\/* <![CDATA[ *\/\n\/*! This file is auto-generated *\/\n!function(d,l){\"use strict\";l.querySelector&&d.addEventListener&&\"undefined\"!=typeof URL&&(d.wp=d.wp||{},d.wp.receiveEmbedMessage||(d.wp.receiveEmbedMessage=function(e){var t=e.data;if((t||t.secret||t.message||t.value)&&!\/[^a-zA-Z0-9]\/.test(t.secret)){for(var s,r,n,a=l.querySelectorAll('iframe[data-secret=\"'+t.secret+'\"]'),o=l.querySelectorAll('blockquote[data-secret=\"'+t.secret+'\"]'),c=new RegExp(\"^https?:$\",\"i\"),i=0;i<o.length;i++)o[i].style.display=\"none\";for(i=0;i<a.length;i++)s=a[i],e.source===s.contentWindow&&(s.removeAttribute(\"style\"),\"height\"===t.message?(1e3<(r=parseInt(t.value,10))?r=1e3:~~r<200&&(r=200),s.height=r):\"link\"===t.message&&(r=new URL(s.getAttribute(\"src\")),n=new URL(t.value),c.test(n.protocol))&&n.host===r.host&&l.activeElement===s&&(d.top.location.href=t.value))}},d.addEventListener(\"message\",d.wp.receiveEmbedMessage,!1),l.addEventListener(\"DOMContentLoaded\",function(){for(var e,t,s=l.querySelectorAll(\"iframe.wp-embedded-content\"),r=0;r<s.length;r++)(t=(e=s[r]).getAttribute(\"data-secret\"))||(t=Math.random().toString(36).substring(2,12),e.src+=\"#?secret=\"+t,e.setAttribute(\"data-secret\",t)),e.contentWindow.postMessage({message:\"ready\",secret:t},\"*\")},!1)))}(window,document);\n\/\/# sourceURL=https:\/\/ppmedia.rs\/v2\/wp-includes\/js\/wp-embed.min.js\n\/* ]]> *\/\n<\/script>\n","thumbnail_url":"https:\/\/ppmedia.rs\/wp-content\/uploads\/2018\/08\/glasanje.jpg","thumbnail_width":1023,"thumbnail_height":575,"description":"Ministar za dr\u017eavnu upravu i lokalnu samoupravu Branko Ru\u017ei\u0107 raspisao je danas izbore za Nacionalne savete nacionalnih manjina koji \u0107e biti odr\u017eani 4. novembra. Na konferenciji za novinare, Ru\u017ei\u0107 je kazao da se na poslednjem bira\u010dkom spisku do 15. avgusta upisalo 475.000 gra\u0111ana Srbije koji mogu da glasaju na tim..."}

Ministar za državnu upravu i lokalnu samoupravu Branko Ružić raspisao je danas izbore za Nacionalne savete nacionalnih manjina koji će biti održani 4. novembra. Na konferenciji za novinare, Ružić je kazao da se na poslednjem biračkom spisku do 15. avgusta upisalo 475.000 građana Srbije koji mogu da glasaju na tim...
