{"version":"1.0","provider_name":"PPmedia","provider_url":"https:\/\/ppmedia.rs\/v2","author_name":"adminpp033","author_url":"https:\/\/ppmedia.rs\/v2\/author\/adminpp033\/","title":"Troje Prijepoljaca na poslani\u010dkoj listi radikala - PPmedia","type":"rich","width":600,"height":338,"html":"<blockquote class=\"wp-embedded-content\" data-secret=\"ucRmfE2bUC\"><a href=\"https:\/\/ppmedia.rs\/v2\/troje-prijepoljaca-na-poslanickoj-listi-radikala\/\">Troje Prijepoljaca na poslani\u010dkoj listi radikala<\/a><\/blockquote><iframe sandbox=\"allow-scripts\" security=\"restricted\" src=\"https:\/\/ppmedia.rs\/v2\/troje-prijepoljaca-na-poslanickoj-listi-radikala\/embed\/#?secret=ucRmfE2bUC\" width=\"600\" height=\"338\" title=\"&#132;Troje Prijepoljaca na poslani\u010dkoj listi radikala&#147; &#8212; PPmedia\" data-secret=\"ucRmfE2bUC\" frameborder=\"0\" marginwidth=\"0\" marginheight=\"0\" scrolling=\"no\" class=\"wp-embedded-content\"><\/iframe><script type=\"text\/javascript\">\n\/* <![CDATA[ *\/\n\/*! This file is auto-generated *\/\n!function(d,l){\"use strict\";l.querySelector&&d.addEventListener&&\"undefined\"!=typeof URL&&(d.wp=d.wp||{},d.wp.receiveEmbedMessage||(d.wp.receiveEmbedMessage=function(e){var t=e.data;if((t||t.secret||t.message||t.value)&&!\/[^a-zA-Z0-9]\/.test(t.secret)){for(var s,r,n,a=l.querySelectorAll('iframe[data-secret=\"'+t.secret+'\"]'),o=l.querySelectorAll('blockquote[data-secret=\"'+t.secret+'\"]'),c=new RegExp(\"^https?:$\",\"i\"),i=0;i<o.length;i++)o[i].style.display=\"none\";for(i=0;i<a.length;i++)s=a[i],e.source===s.contentWindow&&(s.removeAttribute(\"style\"),\"height\"===t.message?(1e3<(r=parseInt(t.value,10))?r=1e3:~~r<200&&(r=200),s.height=r):\"link\"===t.message&&(r=new URL(s.getAttribute(\"src\")),n=new URL(t.value),c.test(n.protocol))&&n.host===r.host&&l.activeElement===s&&(d.top.location.href=t.value))}},d.addEventListener(\"message\",d.wp.receiveEmbedMessage,!1),l.addEventListener(\"DOMContentLoaded\",function(){for(var e,t,s=l.querySelectorAll(\"iframe.wp-embedded-content\"),r=0;r<s.length;r++)(t=(e=s[r]).getAttribute(\"data-secret\"))||(t=Math.random().toString(36).substring(2,12),e.src+=\"#?secret=\"+t,e.setAttribute(\"data-secret\",t)),e.contentWindow.postMessage({message:\"ready\",secret:t},\"*\")},!1)))}(window,document);\n\/\/# sourceURL=https:\/\/ppmedia.rs\/v2\/wp-includes\/js\/wp-embed.min.js\n\/* ]]> *\/\n<\/script>\n","thumbnail_url":"https:\/\/ppmedia.rs\/wp-content\/uploads\/2020\/03\/dragana-i-despot.jpg","thumbnail_width":512,"thumbnail_height":320,"description":"Prijepolje &#8211; Republi\u010dka izborna komisija donela je Re\u0161enje kojim se progla\u0161ava Izborna lista Dr Vojislav \u0160e\u0161elj \u2013 Srpska radikalna stranka za izbore za narodne poslanike Narodne skup\u0161tine, raspisane za 26. april 2020. godine, koja je podr\u017eana sa 10.585 pravno valjanih overenih izjava bira\u010da. Na ovoj izbornoj listi nalazi se troje..."}

Troje Prijepoljaca na poslaničkoj listi radikala - PPmedia

<blockquote class="wp-embedded-content" data-secret="ucRmfE2bUC"><a href="https://ppmedia.rs/v2/troje-prijepoljaca-na-poslanickoj-listi-radikala/">Troje Prijepoljaca na poslaničkoj listi radikala</a></blockquote><iframe sandbox="allow-scripts" security="restricted" src="https://ppmedia.rs/v2/troje-prijepoljaca-na-poslanickoj-listi-radikala/embed/#?secret=ucRmfE2bUC" width="600" height="338" title="&#132;Troje Prijepoljaca na poslaničkoj listi radikala&#147; &#8212; PPmedia" data-secret="ucRmfE2bUC" frameborder="0" marginwidth="0" marginheight="0" scrolling="no" class="wp-embedded-content"></iframe><script type="text/javascript">
/* <![CDATA[ */
/*! This file is auto-generated */
!function(d,l){"use strict";l.querySelector&&d.addEventListener&&"undefined"!=typeof URL&&(d.wp=d.wp||{},d.wp.receiveEmbedMessage||(d.wp.receiveEmbedMessage=function(e){var t=e.data;if((t||t.secret||t.message||t.value)&&!/[^a-zA-Z0-9]/.test(t.secret)){for(var s,r,n,a=l.querySelectorAll('iframe[data-secret="'+t.secret+'"]'),o=l.querySelectorAll('blockquote[data-secret="'+t.secret+'"]'),c=new RegExp("^https?:$","i"),i=0;i<o.length;i++)o[i].style.display="none";for(i=0;i<a.length;i++)s=a[i],e.source===s.contentWindow&&(s.removeAttribute("style"),"height"===t.message?(1e3<(r=parseInt(t.value,10))?r=1e3:~~r<200&&(r=200),s.height=r):"link"===t.message&&(r=new URL(s.getAttribute("src")),n=new URL(t.value),c.test(n.protocol))&&n.host===r.host&&l.activeElement===s&&(d.top.location.href=t.value))}},d.addEventListener("message",d.wp.receiveEmbedMessage,!1),l.addEventListener("DOMContentLoaded",function(){for(var e,t,s=l.querySelectorAll("iframe.wp-embedded-content"),r=0;r<s.length;r++)(t=(e=s[r]).getAttribute("data-secret"))||(t=Math.random().toString(36).substring(2,12),e.src+="#?secret="+t,e.setAttribute("data-secret",t)),e.contentWindow.postMessage({message:"ready",secret:t},"*")},!1)))}(window,document);
//# sourceURL=https://ppmedia.rs/v2/wp-includes/js/wp-embed.min.js
/* ]]> */
</script>

Prijepolje &#8211; Republička izborna komisija donela je Rešenje kojim se proglašava Izborna lista Dr Vojislav Šešelj – Srpska radikalna stranka za izbore za narodne poslanike Narodne skupštine, raspisane za 26. april 2020. godine, koja je podržana sa 10.585 pravno valjanih overenih izjava birača. Na ovoj izbornoj listi nalazi se troje...
