{"version":"1.0","provider_name":"PPmedia","provider_url":"https:\/\/ppmedia.rs\/v2","author_name":"adminpp033","author_url":"https:\/\/ppmedia.rs\/v2\/author\/adminpp033\/","title":"U Prijepolju zasedao skup\u0161tinski Odbor za poljoprivredu - PPmedia","type":"rich","width":600,"height":338,"html":"<blockquote class=\"wp-embedded-content\" data-secret=\"IFajE2Zu7y\"><a href=\"https:\/\/ppmedia.rs\/v2\/u-prijepolju-zasedao-skupstinski-odbor-za-poljoprivredu\/\">U Prijepolju zasedao skup\u0161tinski Odbor za poljoprivredu<\/a><\/blockquote><iframe sandbox=\"allow-scripts\" security=\"restricted\" src=\"https:\/\/ppmedia.rs\/v2\/u-prijepolju-zasedao-skupstinski-odbor-za-poljoprivredu\/embed\/#?secret=IFajE2Zu7y\" width=\"600\" height=\"338\" title=\"&#132;U Prijepolju zasedao skup\u0161tinski Odbor za poljoprivredu&#147; &#8212; PPmedia\" data-secret=\"IFajE2Zu7y\" frameborder=\"0\" marginwidth=\"0\" marginheight=\"0\" scrolling=\"no\" class=\"wp-embedded-content\"><\/iframe><script type=\"text\/javascript\">\n\/* <![CDATA[ *\/\n\/*! This file is auto-generated *\/\n!function(d,l){\"use strict\";l.querySelector&&d.addEventListener&&\"undefined\"!=typeof URL&&(d.wp=d.wp||{},d.wp.receiveEmbedMessage||(d.wp.receiveEmbedMessage=function(e){var t=e.data;if((t||t.secret||t.message||t.value)&&!\/[^a-zA-Z0-9]\/.test(t.secret)){for(var s,r,n,a=l.querySelectorAll('iframe[data-secret=\"'+t.secret+'\"]'),o=l.querySelectorAll('blockquote[data-secret=\"'+t.secret+'\"]'),c=new RegExp(\"^https?:$\",\"i\"),i=0;i<o.length;i++)o[i].style.display=\"none\";for(i=0;i<a.length;i++)s=a[i],e.source===s.contentWindow&&(s.removeAttribute(\"style\"),\"height\"===t.message?(1e3<(r=parseInt(t.value,10))?r=1e3:~~r<200&&(r=200),s.height=r):\"link\"===t.message&&(r=new URL(s.getAttribute(\"src\")),n=new URL(t.value),c.test(n.protocol))&&n.host===r.host&&l.activeElement===s&&(d.top.location.href=t.value))}},d.addEventListener(\"message\",d.wp.receiveEmbedMessage,!1),l.addEventListener(\"DOMContentLoaded\",function(){for(var e,t,s=l.querySelectorAll(\"iframe.wp-embedded-content\"),r=0;r<s.length;r++)(t=(e=s[r]).getAttribute(\"data-secret\"))||(t=Math.random().toString(36).substring(2,12),e.src+=\"#?secret=\"+t,e.setAttribute(\"data-secret\",t)),e.contentWindow.postMessage({message:\"ready\",secret:t},\"*\")},!1)))}(window,document);\n\/\/# sourceURL=https:\/\/ppmedia.rs\/v2\/wp-includes\/js\/wp-embed.min.js\n\/* ]]> *\/\n<\/script>\n","thumbnail_url":"https:\/\/ppmedia.rs\/wp-content\/uploads\/2021\/04\/elvin-odbor-scaled.jpg","thumbnail_width":2560,"thumbnail_height":1440,"description":"U Prijepolju je odr\u017eana sednica skup\u0161tinskog Odbora za poljoprivredu na kojoj je usvojen program rada ovog tela. Prema re\u010dima Elvina Banjice, predsednika odbora, dogovoreno je da se intenzivira rad na terenu, kako bi se poljoprivredni proizvo\u0111a\u010di \u0161to bolje upoznali sa podsticajima koje nudi op\u0161tina Prijepolje. Nakon \u0161to su usvojili program..."}

U Prijepolju zasedao skupštinski Odbor za poljoprivredu - PPmedia

<blockquote class="wp-embedded-content" data-secret="IFajE2Zu7y"><a href="https://ppmedia.rs/v2/u-prijepolju-zasedao-skupstinski-odbor-za-poljoprivredu/">U Prijepolju zasedao skupštinski Odbor za poljoprivredu</a></blockquote><iframe sandbox="allow-scripts" security="restricted" src="https://ppmedia.rs/v2/u-prijepolju-zasedao-skupstinski-odbor-za-poljoprivredu/embed/#?secret=IFajE2Zu7y" width="600" height="338" title="&#132;U Prijepolju zasedao skupštinski Odbor za poljoprivredu&#147; &#8212; PPmedia" data-secret="IFajE2Zu7y" frameborder="0" marginwidth="0" marginheight="0" scrolling="no" class="wp-embedded-content"></iframe><script type="text/javascript">
/* <![CDATA[ */
/*! This file is auto-generated */
!function(d,l){"use strict";l.querySelector&&d.addEventListener&&"undefined"!=typeof URL&&(d.wp=d.wp||{},d.wp.receiveEmbedMessage||(d.wp.receiveEmbedMessage=function(e){var t=e.data;if((t||t.secret||t.message||t.value)&&!/[^a-zA-Z0-9]/.test(t.secret)){for(var s,r,n,a=l.querySelectorAll('iframe[data-secret="'+t.secret+'"]'),o=l.querySelectorAll('blockquote[data-secret="'+t.secret+'"]'),c=new RegExp("^https?:$","i"),i=0;i<o.length;i++)o[i].style.display="none";for(i=0;i<a.length;i++)s=a[i],e.source===s.contentWindow&&(s.removeAttribute("style"),"height"===t.message?(1e3<(r=parseInt(t.value,10))?r=1e3:~~r<200&&(r=200),s.height=r):"link"===t.message&&(r=new URL(s.getAttribute("src")),n=new URL(t.value),c.test(n.protocol))&&n.host===r.host&&l.activeElement===s&&(d.top.location.href=t.value))}},d.addEventListener("message",d.wp.receiveEmbedMessage,!1),l.addEventListener("DOMContentLoaded",function(){for(var e,t,s=l.querySelectorAll("iframe.wp-embedded-content"),r=0;r<s.length;r++)(t=(e=s[r]).getAttribute("data-secret"))||(t=Math.random().toString(36).substring(2,12),e.src+="#?secret="+t,e.setAttribute("data-secret",t)),e.contentWindow.postMessage({message:"ready",secret:t},"*")},!1)))}(window,document);
//# sourceURL=https://ppmedia.rs/v2/wp-includes/js/wp-embed.min.js
/* ]]> */
</script>

U Prijepolju je održana sednica skupštinskog Odbora za poljoprivredu na kojoj je usvojen program rada ovog tela. Prema rečima Elvina Banjice, predsednika odbora, dogovoreno je da se intenzivira rad na terenu, kako bi se poljoprivredni proizvođači što bolje upoznali sa podsticajima koje nudi opština Prijepolje. Nakon što su usvojili program...
