{"version":"1.0","provider_name":"PPmedia","provider_url":"https:\/\/ppmedia.rs\/v2","author_name":"adminpp033","author_url":"https:\/\/ppmedia.rs\/v2\/author\/adminpp033\/","title":"U trci za nacionalnu frekvenciju tri televizije - PPmedia","type":"rich","width":600,"height":338,"html":"<blockquote class=\"wp-embedded-content\" data-secret=\"fH6Rwie5ro\"><a href=\"https:\/\/ppmedia.rs\/v2\/u-trci-za-nacionalnu-frekvenciju-tri-televizije\/\">U trci za nacionalnu frekvenciju tri televizije<\/a><\/blockquote><iframe sandbox=\"allow-scripts\" security=\"restricted\" src=\"https:\/\/ppmedia.rs\/v2\/u-trci-za-nacionalnu-frekvenciju-tri-televizije\/embed\/#?secret=fH6Rwie5ro\" width=\"600\" height=\"338\" title=\"&#132;U trci za nacionalnu frekvenciju tri televizije&#147; &#8212; PPmedia\" data-secret=\"fH6Rwie5ro\" frameborder=\"0\" marginwidth=\"0\" marginheight=\"0\" scrolling=\"no\" class=\"wp-embedded-content\"><\/iframe><script type=\"text\/javascript\">\n\/* <![CDATA[ *\/\n\/*! This file is auto-generated *\/\n!function(d,l){\"use strict\";l.querySelector&&d.addEventListener&&\"undefined\"!=typeof URL&&(d.wp=d.wp||{},d.wp.receiveEmbedMessage||(d.wp.receiveEmbedMessage=function(e){var t=e.data;if((t||t.secret||t.message||t.value)&&!\/[^a-zA-Z0-9]\/.test(t.secret)){for(var s,r,n,a=l.querySelectorAll('iframe[data-secret=\"'+t.secret+'\"]'),o=l.querySelectorAll('blockquote[data-secret=\"'+t.secret+'\"]'),c=new RegExp(\"^https?:$\",\"i\"),i=0;i<o.length;i++)o[i].style.display=\"none\";for(i=0;i<a.length;i++)s=a[i],e.source===s.contentWindow&&(s.removeAttribute(\"style\"),\"height\"===t.message?(1e3<(r=parseInt(t.value,10))?r=1e3:~~r<200&&(r=200),s.height=r):\"link\"===t.message&&(r=new URL(s.getAttribute(\"src\")),n=new URL(t.value),c.test(n.protocol))&&n.host===r.host&&l.activeElement===s&&(d.top.location.href=t.value))}},d.addEventListener(\"message\",d.wp.receiveEmbedMessage,!1),l.addEventListener(\"DOMContentLoaded\",function(){for(var e,t,s=l.querySelectorAll(\"iframe.wp-embedded-content\"),r=0;r<s.length;r++)(t=(e=s[r]).getAttribute(\"data-secret\"))||(t=Math.random().toString(36).substring(2,12),e.src+=\"#?secret=\"+t,e.setAttribute(\"data-secret\",t)),e.contentWindow.postMessage({message:\"ready\",secret:t},\"*\")},!1)))}(window,document);\n\/\/# sourceURL=https:\/\/ppmedia.rs\/v2\/wp-includes\/js\/wp-embed.min.js\n\/* ]]> *\/\n<\/script>\n","thumbnail_url":"https:\/\/ppmedia.rs\/wp-content\/uploads\/2019\/01\/05televizije_620x0.jpg","thumbnail_width":620,"thumbnail_height":605,"description":"Do kraja januara zna\u0107e se ta\u010dan datum odr\u017eavanja sednice na kojoj \u0107e Regularno telo za elektronske medije (REM) saop\u0161titi ko je dobitnik pete nacionalne frekvencije za televizijsko emitovanje. Odnosno, preciznije, ko \u0107e dobiti dozvolu za pokrivenost na teritoriji Republike Srbije zemaljskim signalom. Od po\u010detna \u010detiri kandidata u trci su, kako..."}

Do kraja januara znaće se tačan datum održavanja sednice na kojoj će Regularno telo za elektronske medije (REM) saopštiti ko je dobitnik pete nacionalne frekvencije za televizijsko emitovanje. Odnosno, preciznije, ko će dobiti dozvolu za pokrivenost na teritoriji Republike Srbije zemaljskim signalom. Od početna četiri kandidata u trci su, kako...
