{"version":"1.0","provider_name":"PPmedia","provider_url":"https:\/\/ppmedia.rs\/v2","author_name":"adminpp033","author_url":"https:\/\/ppmedia.rs\/v2\/author\/adminpp033\/","title":"Vu\u010di\u0107 sutra u Priboju razgovara sa gra\u0111anima - PPmedia","type":"rich","width":600,"height":338,"html":"<blockquote class=\"wp-embedded-content\" data-secret=\"S1yH7QIHpL\"><a href=\"https:\/\/ppmedia.rs\/v2\/vucic-sutra-u-priboju-razgovara-sa-gradjanima\/\">Vu\u010di\u0107 sutra u Priboju razgovara sa gra\u0111anima<\/a><\/blockquote><iframe sandbox=\"allow-scripts\" security=\"restricted\" src=\"https:\/\/ppmedia.rs\/v2\/vucic-sutra-u-priboju-razgovara-sa-gradjanima\/embed\/#?secret=S1yH7QIHpL\" width=\"600\" height=\"338\" title=\"&#132;Vu\u010di\u0107 sutra u Priboju razgovara sa gra\u0111anima&#147; &#8212; PPmedia\" data-secret=\"S1yH7QIHpL\" frameborder=\"0\" marginwidth=\"0\" marginheight=\"0\" scrolling=\"no\" class=\"wp-embedded-content\"><\/iframe><script type=\"text\/javascript\">\n\/* <![CDATA[ *\/\n\/*! This file is auto-generated *\/\n!function(d,l){\"use strict\";l.querySelector&&d.addEventListener&&\"undefined\"!=typeof URL&&(d.wp=d.wp||{},d.wp.receiveEmbedMessage||(d.wp.receiveEmbedMessage=function(e){var t=e.data;if((t||t.secret||t.message||t.value)&&!\/[^a-zA-Z0-9]\/.test(t.secret)){for(var s,r,n,a=l.querySelectorAll('iframe[data-secret=\"'+t.secret+'\"]'),o=l.querySelectorAll('blockquote[data-secret=\"'+t.secret+'\"]'),c=new RegExp(\"^https?:$\",\"i\"),i=0;i<o.length;i++)o[i].style.display=\"none\";for(i=0;i<a.length;i++)s=a[i],e.source===s.contentWindow&&(s.removeAttribute(\"style\"),\"height\"===t.message?(1e3<(r=parseInt(t.value,10))?r=1e3:~~r<200&&(r=200),s.height=r):\"link\"===t.message&&(r=new URL(s.getAttribute(\"src\")),n=new URL(t.value),c.test(n.protocol))&&n.host===r.host&&l.activeElement===s&&(d.top.location.href=t.value))}},d.addEventListener(\"message\",d.wp.receiveEmbedMessage,!1),l.addEventListener(\"DOMContentLoaded\",function(){for(var e,t,s=l.querySelectorAll(\"iframe.wp-embedded-content\"),r=0;r<s.length;r++)(t=(e=s[r]).getAttribute(\"data-secret\"))||(t=Math.random().toString(36).substring(2,12),e.src+=\"#?secret=\"+t,e.setAttribute(\"data-secret\",t)),e.contentWindow.postMessage({message:\"ready\",secret:t},\"*\")},!1)))}(window,document);\n\/\/# sourceURL=https:\/\/ppmedia.rs\/v2\/wp-includes\/js\/wp-embed.min.js\n\/* ]]> *\/\n<\/script>\n","thumbnail_url":"https:\/\/ppmedia.rs\/wp-content\/uploads\/2022\/01\/priboj-zima-scaled.jpg","thumbnail_width":2560,"thumbnail_height":1440,"description":"Priboj &#8211; Planirano je da se sastane sa predstavnicima lokalne samouprave, politi\u010dkih partija, privrednicima i predstavnicima obe verske zajednice u tom gradu. Prema programu posete, predsednik \u0107e prvo obi\u0107i fabriku &#8222;Flex Academy d.o.o&#8220;, a zatim i fabriku &#8222;Inmold&#8220;, koja je u sistemu dualnog obrazovanja. Zatim \u0107e se u Domu kulture..."}

Vučić sutra u Priboju razgovara sa građanima - PPmedia

<blockquote class="wp-embedded-content" data-secret="S1yH7QIHpL"><a href="https://ppmedia.rs/v2/vucic-sutra-u-priboju-razgovara-sa-gradjanima/">Vučić sutra u Priboju razgovara sa građanima</a></blockquote><iframe sandbox="allow-scripts" security="restricted" src="https://ppmedia.rs/v2/vucic-sutra-u-priboju-razgovara-sa-gradjanima/embed/#?secret=S1yH7QIHpL" width="600" height="338" title="&#132;Vučić sutra u Priboju razgovara sa građanima&#147; &#8212; PPmedia" data-secret="S1yH7QIHpL" frameborder="0" marginwidth="0" marginheight="0" scrolling="no" class="wp-embedded-content"></iframe><script type="text/javascript">
/* <![CDATA[ */
/*! This file is auto-generated */
!function(d,l){"use strict";l.querySelector&&d.addEventListener&&"undefined"!=typeof URL&&(d.wp=d.wp||{},d.wp.receiveEmbedMessage||(d.wp.receiveEmbedMessage=function(e){var t=e.data;if((t||t.secret||t.message||t.value)&&!/[^a-zA-Z0-9]/.test(t.secret)){for(var s,r,n,a=l.querySelectorAll('iframe[data-secret="'+t.secret+'"]'),o=l.querySelectorAll('blockquote[data-secret="'+t.secret+'"]'),c=new RegExp("^https?:$","i"),i=0;i<o.length;i++)o[i].style.display="none";for(i=0;i<a.length;i++)s=a[i],e.source===s.contentWindow&&(s.removeAttribute("style"),"height"===t.message?(1e3<(r=parseInt(t.value,10))?r=1e3:~~r<200&&(r=200),s.height=r):"link"===t.message&&(r=new URL(s.getAttribute("src")),n=new URL(t.value),c.test(n.protocol))&&n.host===r.host&&l.activeElement===s&&(d.top.location.href=t.value))}},d.addEventListener("message",d.wp.receiveEmbedMessage,!1),l.addEventListener("DOMContentLoaded",function(){for(var e,t,s=l.querySelectorAll("iframe.wp-embedded-content"),r=0;r<s.length;r++)(t=(e=s[r]).getAttribute("data-secret"))||(t=Math.random().toString(36).substring(2,12),e.src+="#?secret="+t,e.setAttribute("data-secret",t)),e.contentWindow.postMessage({message:"ready",secret:t},"*")},!1)))}(window,document);
//# sourceURL=https://ppmedia.rs/v2/wp-includes/js/wp-embed.min.js
/* ]]> */
</script>

Priboj &#8211; Planirano je da se sastane sa predstavnicima lokalne samouprave, političkih partija, privrednicima i predstavnicima obe verske zajednice u tom gradu. Prema programu posete, predsednik će prvo obići fabriku &#8222;Flex Academy d.o.o&#8220;, a zatim i fabriku &#8222;Inmold&#8220;, koja je u sistemu dualnog obrazovanja. Zatim će se u Domu kulture...
