{"version":"1.0","provider_name":"PPmedia","provider_url":"https:\/\/ppmedia.rs\/v2","author_name":"adminpp033","author_url":"https:\/\/ppmedia.rs\/v2\/author\/adminpp033\/","title":"\u017dupljanin dobitnik priznanja Zlatna kamera - PPmedia","type":"rich","width":600,"height":338,"html":"<blockquote class=\"wp-embedded-content\" data-secret=\"KaBpV7bmLi\"><a href=\"https:\/\/ppmedia.rs\/v2\/zupljanin-dobitnik-priznanja-zlatna-kamera\/\">\u017dupljanin dobitnik priznanja Zlatna kamera<\/a><\/blockquote><iframe sandbox=\"allow-scripts\" security=\"restricted\" src=\"https:\/\/ppmedia.rs\/v2\/zupljanin-dobitnik-priznanja-zlatna-kamera\/embed\/#?secret=KaBpV7bmLi\" width=\"600\" height=\"338\" title=\"&#132;\u017dupljanin dobitnik priznanja Zlatna kamera&#147; &#8212; PPmedia\" data-secret=\"KaBpV7bmLi\" frameborder=\"0\" marginwidth=\"0\" marginheight=\"0\" scrolling=\"no\" class=\"wp-embedded-content\"><\/iframe><script type=\"text\/javascript\">\n\/* <![CDATA[ *\/\n\/*! This file is auto-generated *\/\n!function(d,l){\"use strict\";l.querySelector&&d.addEventListener&&\"undefined\"!=typeof URL&&(d.wp=d.wp||{},d.wp.receiveEmbedMessage||(d.wp.receiveEmbedMessage=function(e){var t=e.data;if((t||t.secret||t.message||t.value)&&!\/[^a-zA-Z0-9]\/.test(t.secret)){for(var s,r,n,a=l.querySelectorAll('iframe[data-secret=\"'+t.secret+'\"]'),o=l.querySelectorAll('blockquote[data-secret=\"'+t.secret+'\"]'),c=new RegExp(\"^https?:$\",\"i\"),i=0;i<o.length;i++)o[i].style.display=\"none\";for(i=0;i<a.length;i++)s=a[i],e.source===s.contentWindow&&(s.removeAttribute(\"style\"),\"height\"===t.message?(1e3<(r=parseInt(t.value,10))?r=1e3:~~r<200&&(r=200),s.height=r):\"link\"===t.message&&(r=new URL(s.getAttribute(\"src\")),n=new URL(t.value),c.test(n.protocol))&&n.host===r.host&&l.activeElement===s&&(d.top.location.href=t.value))}},d.addEventListener(\"message\",d.wp.receiveEmbedMessage,!1),l.addEventListener(\"DOMContentLoaded\",function(){for(var e,t,s=l.querySelectorAll(\"iframe.wp-embedded-content\"),r=0;r<s.length;r++)(t=(e=s[r]).getAttribute(\"data-secret\"))||(t=Math.random().toString(36).substring(2,12),e.src+=\"#?secret=\"+t,e.setAttribute(\"data-secret\",t)),e.contentWindow.postMessage({message:\"ready\",secret:t},\"*\")},!1)))}(window,document);\n\/\/# sourceURL=https:\/\/ppmedia.rs\/v2\/wp-includes\/js\/wp-embed.min.js\n\/* ]]> *\/\n<\/script>\n","thumbnail_url":"https:\/\/ppmedia.rs\/wp-content\/uploads\/2023\/02\/deda-i-senko.jpg","thumbnail_width":1340,"thumbnail_height":1276,"description":"Novi Pazar &#8211; Fotoreporter i dopisnik Sportskog \u017eurnala i Politike Senad \u017dupljanin iz Novog Pazara, dobitnik je priznanja \u201cZlatna kamera\u201d koju dodjeljuje Udru\u017eenje sportskih novinara Srbije. \u017dupljanin ka\u017ee da mu je posebno drago \u0161to je za ovu nagradu predlo\u017een od strane kolega iz U\u017eica i Kraljeva koji su prepoznali njegov..."}

Župljanin dobitnik priznanja Zlatna kamera - PPmedia

<blockquote class="wp-embedded-content" data-secret="KaBpV7bmLi"><a href="https://ppmedia.rs/v2/zupljanin-dobitnik-priznanja-zlatna-kamera/">Župljanin dobitnik priznanja Zlatna kamera</a></blockquote><iframe sandbox="allow-scripts" security="restricted" src="https://ppmedia.rs/v2/zupljanin-dobitnik-priznanja-zlatna-kamera/embed/#?secret=KaBpV7bmLi" width="600" height="338" title="&#132;Župljanin dobitnik priznanja Zlatna kamera&#147; &#8212; PPmedia" data-secret="KaBpV7bmLi" frameborder="0" marginwidth="0" marginheight="0" scrolling="no" class="wp-embedded-content"></iframe><script type="text/javascript">
/* <![CDATA[ */
/*! This file is auto-generated */
!function(d,l){"use strict";l.querySelector&&d.addEventListener&&"undefined"!=typeof URL&&(d.wp=d.wp||{},d.wp.receiveEmbedMessage||(d.wp.receiveEmbedMessage=function(e){var t=e.data;if((t||t.secret||t.message||t.value)&&!/[^a-zA-Z0-9]/.test(t.secret)){for(var s,r,n,a=l.querySelectorAll('iframe[data-secret="'+t.secret+'"]'),o=l.querySelectorAll('blockquote[data-secret="'+t.secret+'"]'),c=new RegExp("^https?:$","i"),i=0;i<o.length;i++)o[i].style.display="none";for(i=0;i<a.length;i++)s=a[i],e.source===s.contentWindow&&(s.removeAttribute("style"),"height"===t.message?(1e3<(r=parseInt(t.value,10))?r=1e3:~~r<200&&(r=200),s.height=r):"link"===t.message&&(r=new URL(s.getAttribute("src")),n=new URL(t.value),c.test(n.protocol))&&n.host===r.host&&l.activeElement===s&&(d.top.location.href=t.value))}},d.addEventListener("message",d.wp.receiveEmbedMessage,!1),l.addEventListener("DOMContentLoaded",function(){for(var e,t,s=l.querySelectorAll("iframe.wp-embedded-content"),r=0;r<s.length;r++)(t=(e=s[r]).getAttribute("data-secret"))||(t=Math.random().toString(36).substring(2,12),e.src+="#?secret="+t,e.setAttribute("data-secret",t)),e.contentWindow.postMessage({message:"ready",secret:t},"*")},!1)))}(window,document);
//# sourceURL=https://ppmedia.rs/v2/wp-includes/js/wp-embed.min.js
/* ]]> */
</script>

Novi Pazar &#8211; Fotoreporter i dopisnik Sportskog žurnala i Politike Senad Župljanin iz Novog Pazara, dobitnik je priznanja “Zlatna kamera” koju dodjeljuje Udruženje sportskih novinara Srbije. Župljanin kaže da mu je posebno drago što je za ovu nagradu predložen od strane kolega iz Užica i Kraljeva koji su prepoznali njegov...
